CRAN Package Check Results for Package tableExtra

Last updated on 2024-02-28 16:50:50 CET.

Flavor Version Tinstall Tcheck Ttotal Status Flags
r-devel-linux-x86_64-debian-clang 1.0.1 4.75 142.90 147.65 NOTE
r-devel-linux-x86_64-debian-gcc 1.0.1 3.73 100.66 104.39 NOTE
r-devel-linux-x86_64-fedora-clang 1.0.1 171.39 NOTE
r-devel-linux-x86_64-fedora-gcc 1.0.1 166.74 NOTE
r-devel-windows-x86_64 1.0.1 5.00 117.00 122.00 NOTE
r-patched-linux-x86_64 1.0.1 4.69 133.82 138.51 OK
r-release-linux-x86_64 1.0.1 4.06 131.80 135.86 OK
r-release-macos-arm64 1.0.1 50.00 OK
r-release-macos-x86_64 1.0.1 83.00 OK
r-release-windows-x86_64 1.0.1 6.00 144.00 150.00 OK
r-oldrel-macos-arm64 1.0.1 34.00 OK
r-oldrel-windows-x86_64 1.0.1 6.00 141.00 147.00 OK

Check Details

Version: 1.0.1
Check: Rd \usage sections
Result: NOTE Documented arguments not in \usage in Rd file 'table_params_circle.Rd': ‘d’ Documented arguments not in \usage in Rd file 'table_params_rect.Rd': ‘d’ ‘scale_breaks’ ‘r_max’ Functions with \usage entries need to have the appropriate \alias entries, and all their arguments documented. The \usage entries must correspond to syntactically valid R code. See chapter ‘Writing R documentation files’ in the ‘Writing R Extensions’ manual. Flavors: r-devel-linux-x86_64-debian-clang, r-devel-linux-x86_64-debian-gcc, r-devel-linux-x86_64-fedora-clang, r-devel-linux-x86_64-fedora-gcc, r-devel-windows-x86_64