Last updated on 2024-05-04 08:51:48 CEST.
Flavor | Version | Tinstall | Tcheck | Ttotal | Status | Flags |
---|---|---|---|---|---|---|
r-devel-linux-x86_64-debian-clang | 0.1.0 | 4.40 | 51.38 | 55.78 | OK | |
r-devel-linux-x86_64-debian-gcc | 0.1.0 | 2.42 | 38.76 | 41.18 | OK | |
r-devel-linux-x86_64-fedora-clang | 0.1.0 | 71.41 | NOTE | |||
r-devel-linux-x86_64-fedora-gcc | 0.1.0 | 80.99 | NOTE | |||
r-devel-windows-x86_64 | 0.1.0 | 5.00 | 61.00 | 66.00 | OK | |
r-patched-linux-x86_64 | 0.1.0 | 3.21 | 49.96 | 53.17 | OK | |
r-release-linux-x86_64 | 0.1.0 | 3.64 | 49.40 | 53.04 | OK | |
r-release-macos-arm64 | 0.1.0 | 32.00 | OK | |||
r-release-windows-x86_64 | 0.1.0 | 6.00 | 60.00 | 66.00 | OK | |
r-oldrel-macos-arm64 | 0.1.0 | 32.00 | OK | |||
r-oldrel-macos-x86_64 | 0.1.0 | 51.00 | OK | |||
r-oldrel-windows-x86_64 | 0.1.0 | 7.00 | 65.00 | 72.00 | OK |
Version: 0.1.0
Check: dependencies in R code
Result: NOTE
Namespace in Imports field not imported from: ‘dplyr’
All declared Imports should be used.
Flavors: r-devel-linux-x86_64-fedora-clang, r-devel-linux-x86_64-fedora-gcc