Last updated on 2024-05-21 16:53:34 CEST.
Flavor | Version | Tinstall | Tcheck | Ttotal | Status | Flags |
---|---|---|---|---|---|---|
r-devel-linux-x86_64-debian-clang | 0.0.3 | 26.84 | 29.49 | 56.33 | NOTE | |
r-devel-linux-x86_64-debian-gcc | 0.0.3 | 22.46 | 22.41 | 44.87 | NOTE | |
r-devel-linux-x86_64-fedora-clang | 0.0.3 | 91.16 | NOTE | |||
r-devel-linux-x86_64-fedora-gcc | 0.0.3 | 89.57 | NOTE | |||
r-devel-windows-x86_64 | 0.0.3 | 29.00 | 62.00 | 91.00 | NOTE | |
r-patched-linux-x86_64 | 0.0.3 | 34.59 | 28.52 | 63.11 | NOTE | |
r-release-linux-x86_64 | 0.0.3 | 37.03 | 28.58 | 65.61 | NOTE | |
r-release-macos-arm64 | 0.0.3 | 25.00 | NOTE | |||
r-release-windows-x86_64 | 0.0.3 | 29.00 | 60.00 | 89.00 | NOTE | |
r-oldrel-macos-arm64 | 0.0.3 | 28.00 | NOTE | |||
r-oldrel-macos-x86_64 | 0.0.3 | 40.00 | NOTE | |||
r-oldrel-windows-x86_64 | 0.0.3 | 34.00 | 69.00 | 103.00 | NOTE |
Version: 0.0.3
Check: C++ specification
Result: NOTE
Specified C++11: please drop specification unless essential
Flavors: r-devel-linux-x86_64-debian-clang, r-devel-linux-x86_64-debian-gcc, r-devel-linux-x86_64-fedora-clang, r-devel-linux-x86_64-fedora-gcc, r-devel-windows-x86_64, r-patched-linux-x86_64, r-release-linux-x86_64, r-release-macos-arm64, r-release-windows-x86_64, r-oldrel-macos-arm64, r-oldrel-macos-x86_64, r-oldrel-windows-x86_64