CRAN Package Check Results for Package tabularMLC

Last updated on 2024-02-22 00:58:44 CET.

Flavor Version Tinstall Tcheck Ttotal Status Flags
r-devel-linux-x86_64-debian-clang 0.0.3 NOTE
r-devel-linux-x86_64-debian-gcc 0.0.3 27.57 22.45 50.02 NOTE
r-devel-linux-x86_64-fedora-clang 0.0.3 87.75 NOTE
r-devel-linux-x86_64-fedora-gcc 0.0.3 87.72 NOTE
r-devel-windows-x86_64 0.0.3 27.00 67.00 94.00 NOTE
r-patched-linux-x86_64 0.0.3 31.11 28.43 59.54 NOTE
r-release-linux-x86_64 0.0.3 31.98 28.65 60.63 NOTE
r-release-macos-arm64 0.0.3 28.00 NOTE
r-release-macos-x86_64 0.0.3 40.00 NOTE
r-release-windows-x86_64 0.0.3 34.00 72.00 106.00 NOTE
r-oldrel-macos-arm64 0.0.3 31.00 OK
r-oldrel-windows-x86_64 0.0.3 34.00 70.00 104.00 OK

Check Details

Version: 0.0.3
Check: C++ specification
Result: NOTE Specified C++11: please drop specification unless essential Flavors: r-devel-linux-x86_64-debian-clang, r-devel-linux-x86_64-debian-gcc, r-devel-linux-x86_64-fedora-clang, r-devel-linux-x86_64-fedora-gcc, r-devel-windows-x86_64, r-patched-linux-x86_64, r-release-linux-x86_64, r-release-macos-arm64, r-release-macos-x86_64, r-release-windows-x86_64