Last updated on 2024-05-10 00:55:23 CEST.
Flavor | Version | Tinstall | Tcheck | Ttotal | Status | Flags |
---|---|---|---|---|---|---|
r-devel-linux-x86_64-debian-clang | 0.1.0 | 84.65 | 34.43 | 119.08 | NOTE | |
r-devel-linux-x86_64-debian-gcc | 0.1.0 | 67.30 | 25.61 | 92.91 | NOTE | |
r-devel-linux-x86_64-fedora-clang | 0.1.0 | 178.60 | NOTE | |||
r-devel-linux-x86_64-fedora-gcc | 0.1.0 | 229.24 | NOTE | |||
r-devel-windows-x86_64 | 0.1.0 | 80.00 | 66.00 | 146.00 | NOTE | |
r-patched-linux-x86_64 | 0.1.0 | 86.35 | 33.19 | 119.54 | NOTE | |
r-release-linux-x86_64 | 0.1.0 | 88.80 | 32.18 | 120.98 | NOTE | |
r-release-macos-arm64 | 0.1.0 | 35.00 | NOTE | |||
r-release-windows-x86_64 | 0.1.0 | 81.00 | 63.00 | 144.00 | NOTE | |
r-oldrel-macos-arm64 | 0.1.0 | 42.00 | NOTE | |||
r-oldrel-macos-x86_64 | 0.1.0 | 68.00 | NOTE | |||
r-oldrel-windows-x86_64 | 0.1.0 | 79.00 | 71.00 | 150.00 | NOTE |
Version: 0.1.0
Check: C++ specification
Result: NOTE
Specified C++11: please drop specification unless essential
Flavors: r-devel-linux-x86_64-debian-clang, r-devel-linux-x86_64-debian-gcc, r-devel-linux-x86_64-fedora-clang, r-devel-linux-x86_64-fedora-gcc, r-devel-windows-x86_64, r-patched-linux-x86_64, r-release-linux-x86_64, r-release-macos-arm64, r-release-windows-x86_64, r-oldrel-macos-arm64, r-oldrel-macos-x86_64, r-oldrel-windows-x86_64
Version: 0.1.0
Check: installed package size
Result: NOTE
installed size is 5.1Mb
sub-directories of 1Mb or more:
libs 4.9Mb
Flavors: r-release-macos-arm64, r-oldrel-macos-arm64