CRAN Package Check Results for Package takos

Last updated on 2024-02-24 16:48:36 CET.

Flavor Version Tinstall Tcheck Ttotal Status Flags
r-devel-linux-x86_64-debian-clang 0.2.0 7.37 69.75 77.12 NOTE
r-devel-linux-x86_64-debian-gcc 0.2.0 6.78 51.02 57.80 NOTE
r-devel-linux-x86_64-fedora-clang 0.2.0 96.51 NOTE
r-devel-linux-x86_64-fedora-gcc 0.2.0 89.21 NOTE
r-devel-windows-x86_64 0.2.0 7.00 76.00 83.00 NOTE
r-patched-linux-x86_64 0.2.0 6.71 65.45 72.16 NOTE
r-release-linux-x86_64 0.2.0 5.12 65.40 70.52 NOTE
r-release-macos-arm64 0.2.0 33.00 NOTE
r-release-macos-x86_64 0.2.0 47.00 NOTE
r-release-windows-x86_64 0.2.0 11.00 91.00 102.00 NOTE
r-oldrel-macos-arm64 0.2.0 31.00 NOTE
r-oldrel-windows-x86_64 0.2.0 11.00 88.00 99.00 NOTE

Check Details

Version: 0.2.0
Check: LazyData
Result: NOTE 'LazyData' is specified without a 'data' directory Flavors: r-devel-linux-x86_64-debian-clang, r-devel-linux-x86_64-debian-gcc, r-devel-linux-x86_64-fedora-clang, r-devel-linux-x86_64-fedora-gcc, r-devel-windows-x86_64, r-patched-linux-x86_64, r-release-linux-x86_64, r-release-macos-arm64, r-release-macos-x86_64, r-release-windows-x86_64, r-oldrel-macos-arm64, r-oldrel-windows-x86_64

Version: 0.2.0
Check: dependencies in R code
Result: NOTE Namespaces in Imports field not imported from: ‘MASS’ ‘devEMF’ ‘segmented’ ‘smoother’ ‘tools’ All declared Imports should be used. Flavors: r-devel-linux-x86_64-fedora-clang, r-devel-linux-x86_64-fedora-gcc, r-oldrel-macos-arm64