CRAN Package Check Results for Package tau

Last updated on 2024-04-22 00:53:37 CEST.

Flavor Version Tinstall Tcheck Ttotal Status Flags
r-devel-linux-x86_64-debian-clang 0.0-25 3.74 24.95 28.69 OK
r-devel-linux-x86_64-debian-gcc 0.0-25 3.12 19.25 22.37 OK
r-devel-linux-x86_64-fedora-clang 0.0-25 38.10 NOTE
r-devel-linux-x86_64-fedora-gcc 0.0-25 35.65 NOTE
r-prerel-macos-arm64 0.0-25 17.00 OK
r-prerel-windows-x86_64 0.0-25 6.00 43.00 49.00 OK
r-patched-linux-x86_64 0.0-25 3.84 24.59 28.43 OK
r-release-linux-x86_64 0.0-25 4.12 24.00 28.12 OK
r-release-macos-arm64 0.0-25 23.00 OK
r-release-macos-x86_64 0.0-25 43.00 OK
r-release-windows-x86_64 0.0-25 8.00 44.00 52.00 OK
r-oldrel-macos-arm64 0.0-25 22.00 OK
r-oldrel-windows-x86_64 0.0-25 7.00 53.00 60.00 OK

Check Details

Version: 0.0-25
Check: compiled code
Result: NOTE File ‘tau/libs/tau.so’: Found non-API call to R: ‘SET_S4_OBJECT’ Compiled code should not call non-API entry points in R. See ‘Writing portable packages’ in the ‘Writing R Extensions’ manual. Flavors: r-devel-linux-x86_64-fedora-clang, r-devel-linux-x86_64-fedora-gcc