CRAN Package Check Results for Package tcltk2

Last updated on 2024-07-14 08:48:36 CEST.

Flavor Version Tinstall Tcheck Ttotal Status Flags
r-devel-linux-x86_64-debian-clang 1.2-11 7.10 44.41 51.51 NOTE
r-devel-linux-x86_64-debian-gcc 1.2-11 5.46 32.46 37.92 NOTE
r-devel-linux-x86_64-fedora-clang 1.2-11 65.73 NOTE
r-devel-linux-x86_64-fedora-gcc 1.2-11 61.60 NOTE
r-devel-windows-x86_64 1.2-11 9.00 55.00 64.00 NOTE
r-patched-linux-x86_64 1.2-11 7.21 42.71 49.92 NOTE
r-release-linux-x86_64 1.2-11 6.61 42.20 48.81 NOTE
r-release-macos-arm64 1.2-11 32.00 NOTE
r-release-macos-x86_64 1.2-11 47.00 NOTE
r-release-windows-x86_64 1.2-11 8.00 52.00 60.00 NOTE
r-oldrel-macos-arm64 1.2-11 28.00 NOTE
r-oldrel-macos-x86_64 1.2-11 47.00 NOTE
r-oldrel-windows-x86_64 1.2-11 9.00 55.00 64.00 NOTE

Check Details

Version: 1.2-11
Check: DESCRIPTION meta-information
Result: NOTE Malformed Description field: should contain one or more complete sentences. Flavors: r-devel-linux-x86_64-debian-clang, r-devel-linux-x86_64-debian-gcc, r-devel-linux-x86_64-fedora-clang, r-devel-linux-x86_64-fedora-gcc, r-devel-windows-x86_64, r-patched-linux-x86_64, r-release-linux-x86_64, r-release-macos-arm64, r-release-macos-x86_64, r-release-windows-x86_64, r-oldrel-macos-arm64, r-oldrel-macos-x86_64, r-oldrel-windows-x86_64

Version: 1.2-11
Check: Rd files
Result: NOTE checkRd: (-1) windows/tk2reg.Rd:17: Escaped LaTeX specials: \_ checkRd: (-1) windows/tk2reg.Rd:18: Escaped LaTeX specials: \_ \_ \_ checkRd: (-1) windows/tk2reg.Rd:51: Escaped LaTeX specials: \_ checkRd: (-1) windows/tk2reg.Rd:52: Escaped LaTeX specials: \_ \_ checkRd: (-1) windows/tk2reg.Rd:53: Escaped LaTeX specials: \_ \_ checkRd: (-1) windows/tk2reg.Rd:57: Escaped LaTeX specials: \_ \_ checkRd: (-1) windows/tk2reg.Rd:58: Escaped LaTeX specials: \_ \_ checkRd: (-1) windows/tk2reg.Rd:60: Escaped LaTeX specials: \_ Flavors: r-devel-linux-x86_64-debian-clang, r-devel-linux-x86_64-debian-gcc, r-devel-linux-x86_64-fedora-clang, r-devel-linux-x86_64-fedora-gcc, r-devel-windows-x86_64, r-patched-linux-x86_64, r-release-linux-x86_64, r-release-macos-arm64, r-release-macos-x86_64, r-release-windows-x86_64

Version: 1.2-11
Check: installed package size
Result: NOTE installed size is 5.2Mb sub-directories of 1Mb or more: tklibs 4.9Mb Flavors: r-devel-linux-x86_64-fedora-clang, r-release-macos-arm64, r-release-macos-x86_64, r-oldrel-macos-arm64, r-oldrel-macos-x86_64