CRAN Package Check Results for Package tdata

Last updated on 2024-02-25 16:52:01 CET.

Flavor Version Tinstall Tcheck Ttotal Status Flags
r-devel-linux-x86_64-debian-clang 0.3.0 148.55 45.17 193.72 OK
r-devel-linux-x86_64-debian-gcc 0.3.0 118.47 35.81 154.28 OK
r-devel-linux-x86_64-fedora-clang 0.3.0 276.70 OK
r-devel-linux-x86_64-fedora-gcc 0.3.0 296.49 OK
r-devel-windows-x86_64 0.3.0 108.00 85.00 193.00 OK
r-patched-linux-x86_64 0.3.0 141.79 45.42 187.21 OK
r-release-linux-x86_64 0.3.0 141.23 44.75 185.98 OK
r-release-macos-arm64 0.3.0 67.00 NOTE
r-release-macos-x86_64 0.3.0 121.00 NOTE
r-release-windows-x86_64 0.3.0 104.00 102.00 206.00 OK
r-oldrel-macos-arm64 0.3.0 64.00 NOTE
r-oldrel-windows-x86_64 0.3.0 138.00 94.00 232.00 OK

Check Details

Version: 0.3.0
Check: installed package size
Result: NOTE installed size is 6.8Mb sub-directories of 1Mb or more: libs 6.5Mb Flavors: r-release-macos-arm64, r-release-macos-x86_64, r-oldrel-macos-arm64