CRAN Package Check Results for Package teamcolors

Last updated on 2024-03-03 01:00:59 CET.

Flavor Version Tinstall Tcheck Ttotal Status Flags
r-devel-linux-x86_64-debian-clang 0.0.4 4.19 51.55 55.74 OK
r-devel-linux-x86_64-debian-gcc 0.0.4 4.78 38.88 43.66 OK
r-devel-linux-x86_64-fedora-clang 0.0.4 69.61 NOTE
r-devel-linux-x86_64-fedora-gcc 0.0.4 67.46 OK
r-devel-windows-x86_64 0.0.4 6.00 58.00 64.00 OK
r-patched-linux-x86_64 0.0.4 6.14 50.36 56.50 OK
r-release-linux-x86_64 0.0.4 3.79 49.78 53.57 OK
r-release-macos-arm64 0.0.4 26.00 OK
r-release-macos-x86_64 0.0.4 36.00 OK
r-release-windows-x86_64 0.0.4 8.00 64.00 72.00 OK
r-oldrel-macos-arm64 0.0.4 27.00 OK
r-oldrel-windows-x86_64 0.0.4 8.00 69.00 77.00 OK

Check Details

Version: 0.0.4
Check: Rd cross-references
Result: NOTE Undeclared package ‘scales’ in Rd xrefs Flavor: r-devel-linux-x86_64-fedora-clang