CRAN Package Check Results for Package templateICAr

Last updated on 2024-03-03 01:00:59 CET.

Flavor Version Tinstall Tcheck Ttotal Status Flags
r-devel-linux-x86_64-debian-clang 0.6.4 55.53 142.19 197.72 NOTE
r-devel-linux-x86_64-debian-gcc 0.6.4 53.83 106.98 160.81 NOTE
r-devel-linux-x86_64-fedora-clang 0.6.4 260.38 OK
r-devel-linux-x86_64-fedora-gcc 0.6.4 265.86 OK
r-devel-windows-x86_64 0.6.4 49.00 138.00 187.00 OK
r-patched-linux-x86_64 0.6.4 61.27 141.53 202.80 NOTE
r-release-linux-x86_64 0.6.4 47.40 141.89 189.29 NOTE
r-release-macos-arm64 0.6.4 75.00 NOTE
r-release-macos-x86_64 0.6.4 134.00 NOTE
r-release-windows-x86_64 0.6.4 65.00 172.00 237.00 NOTE
r-oldrel-macos-arm64 0.6.4 66.00 NOTE
r-oldrel-windows-x86_64 0.6.4 60.00 156.00 216.00 NOTE

Check Details

Version: 0.6.4
Check: package dependencies
Result: NOTE Package suggested but not available for checking: ‘INLA’ Flavors: r-devel-linux-x86_64-debian-clang, r-devel-linux-x86_64-debian-gcc, r-patched-linux-x86_64, r-release-linux-x86_64, r-release-macos-arm64, r-release-macos-x86_64, r-release-windows-x86_64, r-oldrel-macos-arm64, r-oldrel-windows-x86_64

Version: 0.6.4
Check: installed package size
Result: NOTE installed size is 10.0Mb sub-directories of 1Mb or more: libs 9.6Mb Flavors: r-release-macos-arm64, r-release-macos-x86_64, r-oldrel-macos-arm64