CRAN Package Check Results for Package tergm

Last updated on 2024-02-26 00:51:01 CET.

Flavor Version Tinstall Tcheck Ttotal Status Flags
r-devel-linux-x86_64-debian-clang 4.2.0 26.01 593.07 619.08 NOTE
r-devel-linux-x86_64-debian-gcc 4.2.0 24.25 447.03 471.28 NOTE
r-devel-linux-x86_64-fedora-clang 4.2.0 755.18 NOTE
r-devel-linux-x86_64-fedora-gcc 4.2.0 767.26 NOTE
r-devel-windows-x86_64 4.2.0 27.00 264.00 291.00 NOTE --no-vignettes
r-patched-linux-x86_64 4.2.0 30.10 565.90 596.00 OK
r-release-linux-x86_64 4.2.0 19.22 579.08 598.30 OK
r-release-macos-arm64 4.2.0 163.00 OK
r-release-macos-x86_64 4.2.0 310.00 OK
r-release-windows-x86_64 4.2.0 35.00 358.00 393.00 OK --no-vignettes
r-oldrel-macos-arm64 4.2.0 169.00 OK
r-oldrel-windows-x86_64 4.2.0 32.00 301.00 333.00 OK --no-vignettes

Check Details

Version: 4.2.0
Check: Rd files
Result: NOTE checkRd: (-1) NEWS.Rd:427: Lost braces; missing escapes or markup? 427 | \item Changes to \code{simulate.stergm} parameters: addition of \code{duration.dependent} parameter: {Logical: Whether the model terms in formula or model are duration dependent. E.g., if a duration-dependent term is used in estimation/simulation model, the probability of forming or dissolving a tie may dependent on the age the dyad status. If TRUE, the matrix of tie ages will be allocated.} | ^ checkRd: (-1) discordBDStratTNT-ergmProposal-9267ec8b.Rd:18: Lost braces 18 | code{\link[ergm:blocks-ergmConstraint]{blocks}} constraints and | ^ checkRd: (-1) discordTNT-ergmProposal-bc75dff0.Rd:9: Lost braces 9 | code{discordance_fraction} of proposed toggles being made on the set of discordant dyads, | ^ Flavors: r-devel-linux-x86_64-debian-clang, r-devel-linux-x86_64-debian-gcc, r-devel-linux-x86_64-fedora-clang, r-devel-linux-x86_64-fedora-gcc

Version: 4.2.0
Flags: --no-vignettes
Check: Rd files
Result: NOTE checkRd: (-1) NEWS.Rd:427: Lost braces; missing escapes or markup? 427 | \item Changes to \code{simulate.stergm} parameters: addition of \code{duration.dependent} parameter: {Logical: Whether the model terms in formula or model are duration dependent. E.g., if a duration-dependent term is used in estimation/simulation model, the probability of forming or dissolving a tie may dependent on the age the dyad status. If TRUE, the matrix of tie ages will be allocated.} | ^ checkRd: (-1) discordBDStratTNT-ergmProposal-9267ec8b.Rd:18: Lost braces 18 | code{\link[ergm:blocks-ergmConstraint]{blocks}} constraints and | ^ checkRd: (-1) discordTNT-ergmProposal-bc75dff0.Rd:9: Lost braces 9 | code{discordance_fraction} of proposed toggles being made on the set of discordant dyads, | ^ Flavor: r-devel-windows-x86_64