Last updated on 2024-04-28 00:56:56 CEST.
Flavor | Version | Tinstall | Tcheck | Ttotal | Status | Flags |
---|---|---|---|---|---|---|
r-devel-linux-x86_64-debian-clang | 0.1.1 | 14.96 | 32.67 | 47.63 | OK | |
r-devel-linux-x86_64-debian-gcc | 0.1.1 | 14.19 | 25.95 | 40.14 | OK | |
r-devel-linux-x86_64-fedora-clang | 0.1.1 | 65.79 | NOTE | |||
r-devel-linux-x86_64-fedora-gcc | 0.1.1 | 71.10 | OK | |||
r-devel-windows-x86_64 | 0.1.1 | 16.00 | 44.00 | 60.00 | NOTE | |
r-patched-linux-x86_64 | 0.1.1 | 18.66 | 32.98 | 51.64 | OK | |
r-release-linux-x86_64 | 0.1.1 | 15.99 | 32.61 | 48.60 | OK | |
r-release-macos-arm64 | 0.1.1 | 29.00 | NOTE | |||
r-release-windows-x86_64 | 0.1.1 | 16.00 | 43.00 | 59.00 | NOTE | |
r-oldrel-macos-arm64 | 0.1.1 | 29.00 | NOTE | |||
r-oldrel-macos-x86_64 | 0.1.1 | 51.00 | NOTE | |||
r-oldrel-windows-x86_64 | 0.1.1 | 19.00 | 46.00 | 65.00 | NOTE |
Version: 0.1.1
Check: installed package size
Result: NOTE
installed size is 5.3Mb
sub-directories of 1Mb or more:
data 5.2Mb
Flavors: r-devel-linux-x86_64-fedora-clang, r-devel-windows-x86_64, r-release-macos-arm64, r-release-windows-x86_64, r-oldrel-macos-arm64, r-oldrel-macos-x86_64, r-oldrel-windows-x86_64