CRAN Package Check Results for Package theft

Last updated on 2024-03-03 01:00:59 CET.

Flavor Version Tinstall Tcheck Ttotal Status Flags
r-devel-linux-x86_64-debian-clang 0.5.4.1 21.42 212.64 234.06 NOTE
r-devel-linux-x86_64-debian-gcc 0.5.4.1 14.98 158.98 173.96 NOTE
r-devel-linux-x86_64-fedora-clang 0.5.4.1 293.67 NOTE
r-devel-linux-x86_64-fedora-gcc 0.5.4.1 284.46 NOTE
r-devel-windows-x86_64 0.5.4.1 18.00 162.00 180.00 OK
r-patched-linux-x86_64 0.5.4.1 13.81 201.87 215.68 OK
r-release-linux-x86_64 0.5.4.1 14.10 205.51 219.61 OK
r-release-macos-arm64 0.5.4.1 73.00 OK
r-release-macos-x86_64 0.5.4.1 197.00 OK
r-release-windows-x86_64 0.5.4.1 23.00 205.00 228.00 OK
r-oldrel-macos-arm64 0.5.4.1 84.00 OK
r-oldrel-windows-x86_64 0.5.4.1 25.00 207.00 232.00 OK

Check Details

Version: 0.5.4.1
Check: Rd files
Result: NOTE checkRd: (-1) resampled_ttest.Rd:5: Lost braces; missing escapes or markup? 5 | \title{Compute correlated t-statistic and p-value for resampled data from {correctR} package} | ^ checkRd: (-1) resampled_ttest.Rd:24: Lost braces; missing escapes or markup? 24 | Compute correlated t-statistic and p-value for resampled data from {correctR} package | ^ Flavors: r-devel-linux-x86_64-debian-clang, r-devel-linux-x86_64-debian-gcc, r-devel-linux-x86_64-fedora-clang, r-devel-linux-x86_64-fedora-gcc