CRAN Package Check Results for Package theiaR

Last updated on 2024-03-03 01:00:59 CET.

Flavor Version Tinstall Tcheck Ttotal Status Flags
r-devel-linux-x86_64-debian-clang 0.4.0 5.70 40.04 45.74 NOTE
r-devel-linux-x86_64-debian-gcc 0.4.0 4.70 30.39 35.09 NOTE
r-devel-linux-x86_64-fedora-clang 0.4.0 57.15 NOTE
r-devel-linux-x86_64-fedora-gcc 0.4.0 66.30 NOTE
r-devel-windows-x86_64 0.4.0 6.00 52.00 58.00 NOTE
r-patched-linux-x86_64 0.4.0 6.71 38.77 45.48 NOTE
r-release-linux-x86_64 0.4.0 5.79 39.30 45.09 NOTE
r-release-macos-arm64 0.4.0 30.00 NOTE
r-release-macos-x86_64 0.4.0 44.00 NOTE
r-release-windows-x86_64 0.4.0 7.00 56.00 63.00 NOTE
r-oldrel-macos-arm64 0.4.0 20.00 NOTE
r-oldrel-windows-x86_64 0.4.0 7.00 57.00 64.00 NOTE

Check Details

Version: 0.4.0
Check: LazyData
Result: NOTE 'LazyData' is specified without a 'data' directory Flavors: r-devel-linux-x86_64-debian-clang, r-devel-linux-x86_64-debian-gcc, r-devel-linux-x86_64-fedora-clang, r-devel-linux-x86_64-fedora-gcc, r-devel-windows-x86_64, r-patched-linux-x86_64, r-release-linux-x86_64, r-release-macos-arm64, r-release-macos-x86_64, r-release-windows-x86_64, r-oldrel-macos-arm64, r-oldrel-windows-x86_64