CRAN Package Check Results for Package threewords

Last updated on 2024-02-28 16:50:50 CET.

Flavor Version Tinstall Tcheck Ttotal Status Flags
r-devel-linux-x86_64-debian-clang 0.1.0 2.12 21.52 23.64 NOTE
r-devel-linux-x86_64-debian-gcc 0.1.0 1.58 16.58 18.16 NOTE
r-devel-linux-x86_64-fedora-clang 0.1.0 28.95 NOTE
r-devel-linux-x86_64-fedora-gcc 0.1.0 28.00 NOTE
r-devel-windows-x86_64 0.1.0 2.00 39.00 41.00 NOTE
r-patched-linux-x86_64 0.1.0 1.76 21.13 22.89 NOTE
r-release-linux-x86_64 0.1.0 1.64 21.08 22.72 NOTE
r-release-macos-arm64 0.1.0 17.00 NOTE
r-release-macos-x86_64 0.1.0 18.00 NOTE
r-release-windows-x86_64 0.1.0 3.00 37.00 40.00 NOTE
r-oldrel-macos-arm64 0.1.0 13.00 NOTE
r-oldrel-windows-x86_64 0.1.0 3.00 42.00 45.00 NOTE

Check Details

Version: 0.1.0
Check: LazyData
Result: NOTE 'LazyData' is specified without a 'data' directory Flavors: r-devel-linux-x86_64-debian-clang, r-devel-linux-x86_64-debian-gcc, r-devel-linux-x86_64-fedora-clang, r-devel-linux-x86_64-fedora-gcc, r-devel-windows-x86_64, r-patched-linux-x86_64, r-release-linux-x86_64, r-release-macos-arm64, r-release-macos-x86_64, r-release-windows-x86_64, r-oldrel-macos-arm64, r-oldrel-windows-x86_64