Last updated on 2024-04-28 09:54:05 CEST.
Flavor | Version | Tinstall | Tcheck | Ttotal | Status | Flags |
---|---|---|---|---|---|---|
r-devel-linux-x86_64-debian-clang | 0.2.6 | 58.55 | 632.48 | 691.03 | OK | |
r-devel-linux-x86_64-debian-gcc | 0.2.6 | 48.67 | 476.64 | 525.31 | OK | |
r-devel-linux-x86_64-fedora-clang | 0.2.6 | 961.50 | OK | |||
r-devel-linux-x86_64-fedora-gcc | 0.2.6 | 931.47 | OK | |||
r-devel-windows-x86_64 | 0.2.6 | 41.00 | 441.00 | 482.00 | OK | |
r-patched-linux-x86_64 | 0.2.6 | 0.65 | 2.44 | 3.09 | ERROR | |
r-release-linux-x86_64 | 0.2.6 | 53.31 | 671.29 | 724.60 | OK | |
r-release-macos-arm64 | 0.2.6 | 211.00 | OK | |||
r-release-windows-x86_64 | 0.2.6 | 42.00 | 441.00 | 483.00 | OK | |
r-oldrel-macos-arm64 | 0.2.6 | 187.00 | OK | |||
r-oldrel-macos-x86_64 | 0.2.6 | 288.00 | OK | |||
r-oldrel-windows-x86_64 | 0.2.6 | 57.00 | 565.00 | 622.00 | OK |
Version: 0.2.6
Check: package dependencies
Result: ERROR
Package required but not available: ‘blavaan’
See section ‘The DESCRIPTION file’ in the ‘Writing R Extensions’
manual.
Flavor: r-patched-linux-x86_64