CRAN Package Check Results for Package tidygapminder

Last updated on 2024-03-01 00:55:35 CET.

Flavor Version Tinstall Tcheck Ttotal Status Flags
r-devel-linux-x86_64-debian-clang 0.1.1 2.04 31.02 33.06 NOTE
r-devel-linux-x86_64-debian-gcc 0.1.1 1.75 24.37 26.12 NOTE
r-devel-linux-x86_64-fedora-clang 0.1.1 42.23 NOTE
r-devel-linux-x86_64-fedora-gcc 0.1.1 52.02 NOTE
r-devel-windows-x86_64 0.1.1 3.00 47.00 50.00 NOTE
r-patched-linux-x86_64 0.1.1 1.79 30.38 32.17 NOTE
r-release-linux-x86_64 0.1.1 1.43 30.39 31.82 NOTE
r-release-macos-arm64 0.1.1 26.00 NOTE
r-release-macos-x86_64 0.1.1 37.00 NOTE
r-release-windows-x86_64 0.1.1 4.00 55.00 59.00 NOTE
r-oldrel-macos-arm64 0.1.1 22.00 NOTE
r-oldrel-windows-x86_64 0.1.1 3.00 53.00 56.00 NOTE

Check Details

Version: 0.1.1
Check: LazyData
Result: NOTE 'LazyData' is specified without a 'data' directory Flavors: r-devel-linux-x86_64-debian-clang, r-devel-linux-x86_64-debian-gcc, r-devel-linux-x86_64-fedora-clang, r-devel-linux-x86_64-fedora-gcc, r-devel-windows-x86_64, r-patched-linux-x86_64, r-release-linux-x86_64, r-release-macos-arm64, r-release-macos-x86_64, r-release-windows-x86_64, r-oldrel-macos-arm64, r-oldrel-windows-x86_64

Version: 0.1.1
Check: dependencies in R code
Result: NOTE Namespace in Imports field not imported from: ‘dplyr’ All declared Imports should be used. Flavors: r-devel-linux-x86_64-fedora-clang, r-devel-linux-x86_64-fedora-gcc, r-oldrel-macos-arm64