CRAN Package Check Results for Package tidyhte

Last updated on 2024-02-28 00:56:35 CET.

Flavor Version Tinstall Tcheck Ttotal Status Flags
r-devel-linux-x86_64-debian-clang 1.0.2 22.08 654.67 676.75 OK
r-devel-linux-x86_64-debian-gcc 1.0.2 17.11 470.89 488.00 OK
r-devel-linux-x86_64-fedora-clang 1.0.2 784.64 OK
r-devel-linux-x86_64-fedora-gcc 1.0.2 497.86 OK
r-devel-windows-x86_64 1.0.2 19.00 496.00 515.00 OK
r-patched-linux-x86_64 1.0.2 26.60 596.51 623.11 OK
r-release-linux-x86_64 1.0.2 20.18 589.12 609.30 OK
r-release-macos-arm64 1.0.2 205.00 OK
r-release-macos-x86_64 1.0.2 535.00 NOTE
r-release-windows-x86_64 1.0.2 25.00 659.00 684.00 OK
r-oldrel-macos-arm64 1.0.2 186.00 OK
r-oldrel-windows-x86_64 1.0.2 26.00 638.00 664.00 OK

Check Details

Version: 1.0.2
Check: package dependencies
Result: NOTE Package suggested but not available for checking: ‘ggplot2’ Flavor: r-release-macos-x86_64