Last updated on 2024-05-07 00:56:31 CEST.
Flavor | Version | Tinstall | Tcheck | Ttotal | Status | Flags |
---|---|---|---|---|---|---|
r-devel-linux-x86_64-debian-clang | 1.2.0 | 14.32 | 157.58 | 171.90 | OK | |
r-devel-linux-x86_64-debian-gcc | 1.2.0 | 14.49 | 118.09 | 132.58 | OK | |
r-devel-linux-x86_64-fedora-clang | 1.2.0 | 227.33 | NOTE | |||
r-devel-linux-x86_64-fedora-gcc | 1.2.0 | 282.84 | OK | |||
r-devel-windows-x86_64 | 1.2.0 | 16.00 | 126.00 | 142.00 | OK | |
r-patched-linux-x86_64 | 1.2.0 | 11.08 | 153.50 | 164.58 | OK | |
r-release-linux-x86_64 | 1.2.0 | 12.48 | 151.89 | 164.37 | OK | |
r-release-macos-arm64 | 1.2.0 | 63.00 | OK | |||
r-release-macos-x86_64 | 1.2.0 | 175.00 | OK | |||
r-release-windows-x86_64 | 1.2.0 | 16.00 | 122.00 | 138.00 | OK | |
r-oldrel-macos-arm64 | 1.2.0 | 67.00 | OK | |||
r-oldrel-macos-x86_64 | 1.2.0 | 145.00 | OK | |||
r-oldrel-windows-x86_64 | 1.2.0 | 21.00 | 157.00 | 178.00 | OK |
Version: 1.2.0
Check: package dependencies
Result: NOTE
Imports includes 21 non-default packages.
Importing from so many packages makes the package vulnerable to any of
them becoming unavailable. Move as many as possible to Suggests and
use conditionally.
Flavor: r-devel-linux-x86_64-fedora-clang