Last updated on 2023-12-08 16:54:25 CET.
Flavor | Version | Tinstall | Tcheck | Ttotal | Status | Flags |
---|---|---|---|---|---|---|
r-devel-linux-x86_64-debian-clang | 1.3.0 | 16.22 | 190.28 | 206.50 | NOTE | |
r-devel-linux-x86_64-debian-gcc | 1.3.0 | 13.53 | 140.26 | 153.79 | NOTE | |
r-devel-linux-x86_64-fedora-clang | 1.3.0 | 249.24 | NOTE | |||
r-devel-linux-x86_64-fedora-gcc | 1.3.0 | 255.50 | NOTE | |||
r-devel-windows-x86_64 | 1.3.0 | 21.00 | 168.00 | 189.00 | NOTE | |
r-patched-linux-x86_64 | 1.3.0 | 17.66 | 182.84 | 200.50 | NOTE | |
r-release-linux-x86_64 | 1.3.0 | 15.14 | 179.54 | 194.68 | NOTE | |
r-release-macos-arm64 | 1.3.0 | 86.00 | NOTE | |||
r-release-macos-x86_64 | 1.3.0 | 133.00 | NOTE | |||
r-release-windows-x86_64 | 1.3.0 | 24.00 | 209.00 | 233.00 | NOTE | |
r-oldrel-macos-arm64 | 1.3.0 | 66.00 | OK | |||
r-oldrel-macos-x86_64 | 1.3.0 | 89.00 | OK | |||
r-oldrel-windows-x86_64 | 1.3.0 | 23.00 | 195.00 | 218.00 | OK |
Version: 1.3.0
Check: C++ specification
Result: NOTE
Specified C++11: please drop specification unless essential
Flavors: r-devel-linux-x86_64-debian-clang, r-devel-linux-x86_64-debian-gcc, r-devel-linux-x86_64-fedora-clang, r-devel-linux-x86_64-fedora-gcc, r-devel-windows-x86_64, r-patched-linux-x86_64, r-release-linux-x86_64, r-release-macos-arm64, r-release-macos-x86_64, r-release-windows-x86_64
Version: 1.3.0
Check: Rd \usage sections
Result: NOTE
Documented arguments not in \usage in Rd file 'deprecated-se.Rd':
‘expand_cols’
Documented arguments not in \usage in Rd file 'tidyr_legacy.Rd':
‘nm’
Functions with \usage entries need to have the appropriate \alias
entries, and all their arguments documented.
The \usage entries must correspond to syntactically valid R code.
See chapter ‘Writing R documentation files’ in the ‘Writing R
Extensions’ manual.
Flavors: r-devel-linux-x86_64-debian-clang, r-devel-linux-x86_64-debian-gcc, r-devel-linux-x86_64-fedora-clang, r-devel-linux-x86_64-fedora-gcc, r-devel-windows-x86_64
Version: 1.3.0
Check: data for non-ASCII characters
Result: NOTE
Note: found 24 marked UTF-8 strings
Flavors: r-devel-linux-x86_64-fedora-clang, r-devel-linux-x86_64-fedora-gcc