CRAN Package Check Results for Package tidyrgee

Last updated on 2024-02-29 08:49:10 CET.

Flavor Version Tinstall Tcheck Ttotal Status Flags
r-devel-linux-x86_64-debian-clang 0.1.0 14.31 101.67 115.98 OK
r-devel-linux-x86_64-debian-gcc 0.1.0 10.25 77.03 87.28 OK
r-devel-linux-x86_64-fedora-clang 0.1.0 145.09 NOTE
r-devel-linux-x86_64-fedora-gcc 0.1.0 134.49 NOTE
r-devel-windows-x86_64 0.1.0 12.00 93.00 105.00 OK
r-patched-linux-x86_64 0.1.0 17.10 100.54 117.64 OK
r-release-linux-x86_64 0.1.0 8.14 98.29 106.43 OK
r-release-macos-arm64 0.1.0 46.00 OK
r-release-macos-x86_64 0.1.0 70.00 OK
r-release-windows-x86_64 0.1.0 15.00 108.00 123.00 OK
r-oldrel-macos-arm64 0.1.0 42.00 NOTE
r-oldrel-windows-x86_64 0.1.0 15.00 110.00 125.00 OK

Check Details

Version: 0.1.0
Check: dependencies in R code
Result: NOTE Namespace in Imports field not imported from: ‘reticulate’ All declared Imports should be used. Flavors: r-devel-linux-x86_64-fedora-clang, r-devel-linux-x86_64-fedora-gcc, r-oldrel-macos-arm64