Last updated on 2023-12-11 00:49:23 CET.
Flavor | Version | Tinstall | Tcheck | Ttotal | Status | Flags |
---|---|---|---|---|---|---|
r-devel-linux-x86_64-debian-clang | 1.2.0 | 3.79 | 85.88 | 89.67 | NOTE | |
r-devel-linux-x86_64-debian-gcc | 1.2.0 | 3.33 | 64.62 | 67.95 | NOTE | |
r-devel-linux-x86_64-fedora-clang | 1.2.0 | 112.11 | NOTE | |||
r-devel-linux-x86_64-fedora-gcc | 1.2.0 | 119.00 | NOTE | |||
r-devel-windows-x86_64 | 1.2.0 | 5.00 | 84.00 | 89.00 | NOTE | |
r-patched-linux-x86_64 | 1.2.0 | 6.38 | 82.58 | 88.96 | OK | |
r-release-linux-x86_64 | 1.2.0 | 3.86 | 83.13 | 86.99 | OK | |
r-release-macos-arm64 | 1.2.0 | 43.00 | OK | |||
r-release-macos-x86_64 | 1.2.0 | 65.00 | OK | |||
r-release-windows-x86_64 | 1.2.0 | 8.00 | 100.00 | 108.00 | OK | |
r-oldrel-macos-arm64 | 1.2.0 | 39.00 | OK | |||
r-oldrel-macos-x86_64 | 1.2.0 | 44.00 | OK | |||
r-oldrel-windows-x86_64 | 1.2.0 | 6.00 | 100.00 | 106.00 | OK |
Version: 1.2.0
Check: Rd \usage sections
Result: NOTE
Documented arguments not in \usage in Rd file 'vars_select.Rd':
‘args’
Functions with \usage entries need to have the appropriate \alias
entries, and all their arguments documented.
The \usage entries must correspond to syntactically valid R code.
See chapter ‘Writing R documentation files’ in the ‘Writing R
Extensions’ manual.
Flavors: r-devel-linux-x86_64-debian-clang, r-devel-linux-x86_64-debian-gcc, r-devel-linux-x86_64-fedora-clang, r-devel-linux-x86_64-fedora-gcc, r-devel-windows-x86_64