CRAN Package Check Results for Package tidystats

Last updated on 2024-02-27 16:49:31 CET.

Flavor Version Tinstall Tcheck Ttotal Status Flags
r-devel-linux-x86_64-debian-clang 0.6.0 5.30 83.91 89.21 OK
r-devel-linux-x86_64-debian-gcc 0.6.0 4.44 61.80 66.24 OK
r-devel-linux-x86_64-fedora-clang 0.6.0 108.71 NOTE
r-devel-linux-x86_64-fedora-gcc 0.6.0 126.06 NOTE
r-devel-windows-x86_64 0.6.0 6.00 82.00 88.00 OK
r-patched-linux-x86_64 0.6.0 3.65 82.70 86.35 OK
r-release-linux-x86_64 0.6.0 3.71 80.53 84.24 OK
r-release-macos-arm64 0.6.0 51.00 OK
r-release-macos-x86_64 0.6.0 80.00 OK
r-release-windows-x86_64 0.6.0 8.00 95.00 103.00 OK
r-oldrel-macos-arm64 0.6.0 40.00 OK
r-oldrel-windows-x86_64 0.6.0 8.00 105.00 113.00 OK

Check Details

Version: 0.6.0
Check: Rd cross-references
Result: NOTE Undeclared package ‘datawizard’ in Rd xrefs Flavor: r-devel-linux-x86_64-fedora-clang

Version: 0.6.0
Check: data for non-ASCII characters
Result: NOTE Note: found 113 marked UTF-8 strings Flavors: r-devel-linux-x86_64-fedora-clang, r-devel-linux-x86_64-fedora-gcc