Last updated on 2024-04-28 16:53:05 CEST.
Flavor | Version | Tinstall | Tcheck | Ttotal | Status | Flags |
---|---|---|---|---|---|---|
r-devel-linux-x86_64-debian-clang | 0.2.0 | 5.53 | 79.32 | 84.85 | NOTE | |
r-devel-linux-x86_64-debian-gcc | 0.2.0 | 4.41 | 59.48 | 63.89 | NOTE | |
r-devel-linux-x86_64-fedora-clang | 0.2.0 | 107.13 | NOTE | |||
r-devel-linux-x86_64-fedora-gcc | 0.2.0 | 101.53 | NOTE | |||
r-devel-windows-x86_64 | 0.2.0 | 6.00 | 83.00 | 89.00 | NOTE | |
r-patched-linux-x86_64 | 0.2.0 | 3.97 | 76.90 | 80.87 | NOTE | |
r-release-linux-x86_64 | 0.2.0 | 3.58 | 76.56 | 80.14 | OK | |
r-release-macos-arm64 | 0.2.0 | 39.00 | OK | |||
r-release-windows-x86_64 | 0.2.0 | 6.00 | 83.00 | 89.00 | NOTE | |
r-oldrel-macos-arm64 | 0.2.0 | 39.00 | OK | |||
r-oldrel-macos-x86_64 | 0.2.0 | 69.00 | OK | |||
r-oldrel-windows-x86_64 | 0.2.0 | 7.00 | 95.00 | 102.00 | OK |
Version: 0.2.0
Check: HTML version of manual
Result: NOTE
Found the following HTML validation problems:
generate_control.html:87:1 (generate_control.Rd:36): Warning: trimming empty <li>
generate_control.html:86:1 (generate_control.Rd:36): Warning: trimming empty <ol>
generate_weights.html:220:1 (generate_weights.Rd:102): Warning: trimming empty <li>
generate_weights.html:219:1 (generate_weights.Rd:102): Warning: trimming empty <ol>
Flavors: r-devel-linux-x86_64-debian-clang, r-devel-linux-x86_64-debian-gcc, r-devel-linux-x86_64-fedora-clang, r-devel-linux-x86_64-fedora-gcc, r-devel-windows-x86_64, r-patched-linux-x86_64, r-release-windows-x86_64