CRAN Package Check Results for Package tidywikidatar

Last updated on 2024-02-27 16:49:31 CET.

Flavor Version Tinstall Tcheck Ttotal Status Flags
r-devel-linux-x86_64-debian-clang 0.5.7 9.48 120.35 129.83 OK
r-devel-linux-x86_64-debian-gcc 0.5.7 6.11 91.66 97.77 OK
r-devel-linux-x86_64-fedora-clang 0.5.7 154.24 NOTE
r-devel-linux-x86_64-fedora-gcc 0.5.7 148.80 NOTE
r-devel-windows-x86_64 0.5.7 10.00 138.00 148.00 OK
r-patched-linux-x86_64 0.5.7 8.11 116.83 124.94 OK
r-release-linux-x86_64 0.5.7 5.81 117.37 123.18 OK
r-release-macos-arm64 0.5.7 65.00 OK
r-release-macos-x86_64 0.5.7 86.00 OK
r-release-windows-x86_64 0.5.7 12.00 163.00 175.00 OK
r-oldrel-macos-arm64 0.5.7 49.00 OK
r-oldrel-windows-x86_64 0.5.7 13.00 141.00 154.00 OK

Check Details

Version: 0.5.7
Check: data for non-ASCII characters
Result: NOTE Note: found 4581 marked UTF-8 strings Flavors: r-devel-linux-x86_64-fedora-clang, r-devel-linux-x86_64-fedora-gcc