CRAN Package Check Results for Package timeR

Last updated on 2024-02-20 16:49:42 CET.

Flavor Version Tinstall Tcheck Ttotal Status Flags
r-devel-linux-x86_64-debian-clang 1.2.0 NOTE
r-devel-linux-x86_64-debian-gcc 1.2.0 2.43 20.44 22.87 NOTE
r-devel-linux-x86_64-fedora-clang 1.2.0 36.98 NOTE
r-devel-linux-x86_64-fedora-gcc 1.2.0 46.45 NOTE
r-devel-windows-x86_64 1.2.0 3.00 47.00 50.00 NOTE
r-patched-linux-x86_64 1.2.0 3.16 25.67 28.83 NOTE
r-release-linux-x86_64 1.2.0 2.05 25.45 27.50 NOTE
r-release-macos-arm64 1.2.0 28.00 NOTE
r-release-macos-x86_64 1.2.0 36.00 NOTE
r-release-windows-x86_64 1.2.0 4.00 49.00 53.00 NOTE
r-oldrel-macos-arm64 1.2.0 23.00 NOTE
r-oldrel-windows-x86_64 1.2.0 4.00 51.00 55.00 NOTE

Check Details

Version: 1.2.0
Check: package subdirectories
Result: NOTE Problems with news in ‘NEWS.md’: No news entries found. Flavors: r-devel-linux-x86_64-debian-clang, r-devel-linux-x86_64-debian-gcc, r-devel-linux-x86_64-fedora-clang, r-devel-linux-x86_64-fedora-gcc, r-devel-windows-x86_64, r-patched-linux-x86_64, r-release-linux-x86_64, r-release-macos-arm64, r-release-macos-x86_64, r-release-windows-x86_64

Version: 1.2.0
Check: LazyData
Result: NOTE 'LazyData' is specified without a 'data' directory Flavors: r-devel-linux-x86_64-debian-clang, r-devel-linux-x86_64-debian-gcc, r-devel-linux-x86_64-fedora-clang, r-devel-linux-x86_64-fedora-gcc, r-devel-windows-x86_64, r-patched-linux-x86_64, r-release-linux-x86_64, r-release-macos-arm64, r-release-macos-x86_64, r-release-windows-x86_64, r-oldrel-macos-arm64, r-oldrel-windows-x86_64

Version: 1.2.0
Check: dependencies in R code
Result: NOTE Namespace in Imports field not imported from: ‘lubridate’ All declared Imports should be used. Flavors: r-devel-linux-x86_64-fedora-clang, r-devel-linux-x86_64-fedora-gcc, r-oldrel-macos-arm64