CRAN Package Check Results for Package tinkr

Last updated on 2024-02-22 08:54:23 CET.

Flavor Version Tinstall Tcheck Ttotal Status Flags
r-devel-linux-x86_64-debian-clang 0.2.0 NOTE
r-devel-linux-x86_64-debian-gcc 0.2.0 2.71 29.97 32.68 NOTE
r-devel-linux-x86_64-fedora-clang 0.2.0 53.01 OK
r-devel-linux-x86_64-fedora-gcc 0.2.0 62.78 OK
r-devel-windows-x86_64 0.2.0 5.00 54.00 59.00 OK
r-patched-linux-x86_64 0.2.0 4.00 38.03 42.03 OK
r-release-linux-x86_64 0.2.0 3.00 37.60 40.60 OK
r-release-macos-arm64 0.2.0 29.00 OK
r-release-macos-x86_64 0.2.0 40.00 OK
r-release-windows-x86_64 0.2.0 5.00 59.00 64.00 OK
r-oldrel-macos-arm64 0.2.0 26.00 OK
r-oldrel-windows-x86_64 0.2.0 6.00 61.00 67.00 OK

Check Details

Version: 0.2.0
Check: Rd files
Result: NOTE checkRd: (-1) add_md.Rd:10: Lost braces; missing escapes or markup? 10 | \item{body}{an XML object generated via {tinkr}} | ^ checkRd: (-1) md_ns.Rd:13: Lost braces; missing escapes or markup? 13 | The {commonmark} package is used to translate markdown to XML, but it does | ^ checkRd: (-1) md_ns.Rd:14: Lost braces; missing escapes or markup? 14 | not assign a namespace prefix, which means that {xml2} will auto-assign a | ^ checkRd: (-1) stylesheet.Rd:5: Lost braces; missing escapes or markup? 5 | \title{The {tinkr} stylesheet} | ^ checkRd: (-1) stylesheet.Rd:14: Lost braces; missing escapes or markup? 14 | This function returns the path to the {tinkr} stylesheet | ^ checkRd: (-1) stylesheet.Rd:11: Lost braces; missing escapes or markup? 11 | stylesheet used by {tinkr}. | ^ Flavors: r-devel-linux-x86_64-debian-clang, r-devel-linux-x86_64-debian-gcc