CRAN Package Check Results for Package tinkr

Last updated on 2024-06-16 00:58:34 CEST.

Flavor Version Tinstall Tcheck Ttotal Status Flags
r-devel-linux-x86_64-debian-clang 0.2.0 4.18 41.67 45.85 NOTE
r-devel-linux-x86_64-debian-gcc 0.2.0 3.22 31.17 34.39 NOTE
r-devel-linux-x86_64-fedora-clang 0.2.0 57.97 NOTE
r-devel-linux-x86_64-fedora-gcc 0.2.0 67.02 NOTE
r-devel-windows-x86_64 0.2.0 5.00 55.00 60.00 NOTE
r-patched-linux-x86_64 0.2.0 3.32 40.02 43.34 NOTE
r-release-linux-x86_64 0.2.0 3.79 38.42 42.21 NOTE
r-release-macos-arm64 0.2.0 27.00 NOTE
r-release-macos-x86_64 0.2.0 46.00 NOTE
r-release-windows-x86_64 0.2.0 5.00 57.00 62.00 NOTE
r-oldrel-macos-arm64 0.2.0 29.00 OK
r-oldrel-macos-x86_64 0.2.0 40.00 OK
r-oldrel-windows-x86_64 0.2.0 5.00 59.00 64.00 OK

Check Details

Version: 0.2.0
Check: Rd files
Result: NOTE checkRd: (-1) add_md.Rd:10: Lost braces; missing escapes or markup? 10 | \item{body}{an XML object generated via {tinkr}} | ^ checkRd: (-1) md_ns.Rd:13: Lost braces; missing escapes or markup? 13 | The {commonmark} package is used to translate markdown to XML, but it does | ^ checkRd: (-1) md_ns.Rd:14: Lost braces; missing escapes or markup? 14 | not assign a namespace prefix, which means that {xml2} will auto-assign a | ^ checkRd: (-1) stylesheet.Rd:5: Lost braces; missing escapes or markup? 5 | \title{The {tinkr} stylesheet} | ^ checkRd: (-1) stylesheet.Rd:14: Lost braces; missing escapes or markup? 14 | This function returns the path to the {tinkr} stylesheet | ^ checkRd: (-1) stylesheet.Rd:11: Lost braces; missing escapes or markup? 11 | stylesheet used by {tinkr}. | ^ Flavors: r-devel-linux-x86_64-debian-clang, r-devel-linux-x86_64-debian-gcc, r-devel-linux-x86_64-fedora-clang, r-devel-linux-x86_64-fedora-gcc, r-devel-windows-x86_64, r-patched-linux-x86_64, r-release-linux-x86_64, r-release-macos-arm64, r-release-macos-x86_64, r-release-windows-x86_64