CRAN Package Check Results for Package tis

Last updated on 2024-02-26 08:49:00 CET.

Flavor Version Tinstall Tcheck Ttotal Status Flags
r-devel-linux-x86_64-debian-clang 1.39 10.49 69.13 79.62 NOTE
r-devel-linux-x86_64-debian-gcc 1.39 8.52 51.87 60.39 NOTE
r-devel-linux-x86_64-fedora-clang 1.39 95.21 OK
r-devel-linux-x86_64-fedora-gcc 1.39 97.42 OK
r-devel-windows-x86_64 1.39 13.00 80.00 93.00 OK
r-patched-linux-x86_64 1.39 12.89 51.94 64.83 OK
r-release-linux-x86_64 1.39 10.02 64.38 74.40 OK
r-release-macos-arm64 1.39 29.00 OK
r-release-macos-x86_64 1.39 47.00 OK
r-release-windows-x86_64 1.39 13.00 88.00 101.00 OK
r-oldrel-macos-arm64 1.39 28.00 OK
r-oldrel-windows-x86_64 1.39 15.00 89.00 104.00 OK

Check Details

Version: 1.39
Check: Rd files
Result: NOTE checkRd: (-1) tierChart.Rd:332: Lost braces 332 | If the input argument code{boxes} is \code{F}, the \code{lBox}, | ^ Flavors: r-devel-linux-x86_64-debian-clang, r-devel-linux-x86_64-debian-gcc