CRAN Package Check Results for Package tm

Last updated on 2024-02-22 08:54:23 CET.

Flavor Version Tinstall Tcheck Ttotal Status Flags
r-devel-linux-x86_64-debian-clang 0.7-11 NOTE
r-devel-linux-x86_64-debian-gcc 0.7-11 27.92 57.52 85.44 NOTE
r-devel-linux-x86_64-fedora-clang 0.7-11 151.27 NOTE
r-devel-linux-x86_64-fedora-gcc 0.7-11 158.85 NOTE
r-devel-windows-x86_64 0.7-11 1.00 5.00 6.00 ERROR
r-patched-linux-x86_64 0.7-11 35.76 73.26 109.02 NOTE
r-release-linux-x86_64 0.7-11 37.33 70.80 108.13 NOTE
r-release-macos-arm64 0.7-11 50.00 NOTE
r-release-macos-x86_64 0.7-11 96.00 NOTE
r-release-windows-x86_64 0.7-11 42.00 148.00 190.00 NOTE
r-oldrel-macos-arm64 0.7-11 47.00 NOTE
r-oldrel-windows-x86_64 0.7-11 38.00 147.00 185.00 NOTE

Check Details

Version: 0.7-11
Check: package dependencies
Result: NOTE Packages suggested but not available for checking: 'Rcampdf', 'tm.lexicon.GeneralInquirer' Flavors: r-devel-linux-x86_64-debian-clang, r-devel-linux-x86_64-debian-gcc, r-devel-linux-x86_64-fedora-clang, r-devel-linux-x86_64-fedora-gcc, r-patched-linux-x86_64, r-release-linux-x86_64, r-release-macos-arm64, r-oldrel-macos-arm64

Version: 0.7-11
Check: Rd cross-references
Result: NOTE Undeclared packages ‘tm.plugin.dc’, ‘readtext’, ‘graph’, ‘tau’, ‘tokenizers’ in Rd xrefs Flavor: r-devel-linux-x86_64-fedora-clang

Version: 0.7-11
Check: package dependencies
Result: NOTE Packages suggested but not available for checking: 'Rcampdf', 'Rpoppler', 'tm.lexicon.GeneralInquirer' Flavors: r-devel-windows-x86_64, r-release-macos-x86_64, r-release-windows-x86_64, r-oldrel-windows-x86_64

Version: 0.7-11
Check: whether package can be installed
Result: ERROR Installation failed. Flavor: r-devel-windows-x86_64

Version: 0.7-11
Check: Rd cross-references
Result: NOTE Package unavailable to check Rd xrefs: ‘Rpoppler’ Flavor: r-release-macos-x86_64