Last updated on 2024-04-23 08:58:20 CEST.
Flavor | Version | Tinstall | Tcheck | Ttotal | Status | Flags |
---|---|---|---|---|---|---|
r-devel-linux-x86_64-debian-clang | 1.6 | 12.85 | 116.12 | 128.97 | OK | |
r-devel-linux-x86_64-debian-gcc | 1.6 | 9.55 | 85.47 | 95.02 | OK | |
r-devel-linux-x86_64-fedora-clang | 1.6 | 160.23 | NOTE | |||
r-devel-linux-x86_64-fedora-gcc | 1.6 | 164.87 | NOTE | |||
r-prerel-macos-arm64 | 1.6 | 52.00 | OK | |||
r-prerel-windows-x86_64 | 1.6 | 14.00 | 122.00 | 136.00 | OK | |
r-patched-linux-x86_64 | 1.6 | 12.94 | 114.90 | 127.84 | OK | |
r-release-linux-x86_64 | 1.6 | 9.84 | 111.16 | 121.00 | OK | |
r-release-macos-arm64 | 1.6 | 62.00 | OK | |||
r-release-macos-x86_64 | 1.6 | 146.00 | OK | |||
r-release-windows-x86_64 | 1.6 | 17.00 | 193.00 | 210.00 | OK | |
r-oldrel-macos-arm64 | 1.6 | 56.00 | OK | |||
r-oldrel-windows-x86_64 | 1.6 | 17.00 | 136.00 | 153.00 | OK |
Version: 1.6
Check: compiled code
Result: NOTE
File ‘tmvtnorm/libs/tmvtnorm.so’:
Found no calls to: ‘R_registerRoutines’, ‘R_useDynamicSymbols’
It is good practice to register native routines and to disable symbol
search.
See ‘Writing portable packages’ in the ‘Writing R Extensions’ manual.
Flavors: r-devel-linux-x86_64-fedora-clang, r-devel-linux-x86_64-fedora-gcc