CRAN Package Check Results for Package toastui

Last updated on 2024-03-03 01:00:59 CET.

Flavor Version Tinstall Tcheck Ttotal Status Flags
r-devel-linux-x86_64-debian-clang 0.3.1 5.49 70.93 76.42 OK
r-devel-linux-x86_64-debian-gcc 0.3.1 6.50 54.00 60.50 OK
r-devel-linux-x86_64-fedora-clang 0.3.2 96.15 OK
r-devel-linux-x86_64-fedora-gcc 0.3.1 111.91 NOTE
r-devel-windows-x86_64 0.3.1 8.00 84.00 92.00 OK
r-patched-linux-x86_64 0.3.1 9.24 69.42 78.66 OK
r-release-linux-x86_64 0.3.1 5.35 70.38 75.73 OK
r-release-macos-arm64 0.3.1 47.00 OK
r-release-macos-x86_64 0.3.2 82.00 OK
r-release-windows-x86_64 0.3.1 9.00 98.00 107.00 OK
r-oldrel-macos-arm64 0.3.1 40.00 OK
r-oldrel-windows-x86_64 0.3.1 11.00 90.00 101.00 OK

Check Details

Version: 0.3.1
Check: data for non-ASCII characters
Result: NOTE Note: found 1 marked UTF-8 string Flavor: r-devel-linux-x86_64-fedora-gcc