CRAN Package Check Results for Package topicmodels.etm

Last updated on 2024-02-21 00:54:44 CET.

Flavor Version Tinstall Tcheck Ttotal Status Flags
r-devel-linux-x86_64-debian-clang 0.1.0 NOTE
r-devel-linux-x86_64-debian-gcc 0.1.0 10.88 80.93 91.81 NOTE
r-devel-linux-x86_64-fedora-clang 0.1.0 138.19 OK
r-devel-linux-x86_64-fedora-gcc 0.1.0 137.36 OK
r-devel-windows-x86_64 0.1.0 11.00 89.00 100.00 OK
r-patched-linux-x86_64 0.1.0 11.33 100.47 111.80 OK
r-release-linux-x86_64 0.1.0 12.77 98.89 111.66 OK
r-release-macos-arm64 0.1.0 41.00 OK
r-release-macos-x86_64 0.1.0 71.00 OK
r-release-windows-x86_64 0.1.0 13.00 110.00 123.00 OK
r-oldrel-macos-arm64 0.1.0 36.00 OK
r-oldrel-windows-x86_64 0.1.0 14.00 117.00 131.00 OK

Check Details

Version: 0.1.0
Check: Rd files
Result: NOTE checkRd: (-1) ETM.Rd:33: Lost braces in \itemize; \value handles \item{}{} directly checkRd: (-1) ETM.Rd:34: Lost braces in \itemize; \value handles \item{}{} directly checkRd: (-1) ETM.Rd:35: Lost braces in \itemize; \value handles \item{}{} directly checkRd: (-1) ETM.Rd:36: Lost braces in \itemize; \value handles \item{}{} directly checkRd: (-1) ETM.Rd:37: Lost braces in \itemize; \value handles \item{}{} directly Flavors: r-devel-linux-x86_64-debian-clang, r-devel-linux-x86_64-debian-gcc