CRAN Package Check Results for Package topologyGSA

Last updated on 2024-02-25 16:52:02 CET.

Flavor Version Tinstall Tcheck Ttotal Status Flags
r-devel-linux-x86_64-debian-clang 1.5.0 61.43 549.07 610.50 OK
r-devel-linux-x86_64-debian-gcc 1.5.0 53.90 410.31 464.21 OK
r-devel-linux-x86_64-fedora-clang 1.5.0 786.33 OK
r-devel-linux-x86_64-fedora-gcc 1.5.0 764.92 OK
r-devel-windows-x86_64 1.5.0 55.00 359.00 414.00 OK
r-patched-linux-x86_64 1.5.0 60.11 535.11 595.22 OK
r-release-linux-x86_64 1.5.0 49.39 534.87 584.26 OK
r-release-macos-arm64 1.5.0 206.00 OK
r-release-macos-x86_64 1.5.0 419.00 OK
r-release-windows-x86_64 1.5.0 36.00 5.00 41.00 ERROR
r-oldrel-macos-arm64 1.5.0 245.00 OK
r-oldrel-windows-x86_64 1.5.0 35.00 10.00 45.00 ERROR

Check Details

Version: 1.5.0
Check: whether package can be installed
Result: ERROR Installation failed. Flavors: r-release-windows-x86_64, r-oldrel-windows-x86_64