CRAN Package Check Results for Package toweranNA

Last updated on 2024-02-28 16:50:50 CET.

Flavor Version Tinstall Tcheck Ttotal Status Flags
r-devel-linux-x86_64-debian-clang 0.1.0 10.96 112.24 123.20 OK
r-devel-linux-x86_64-debian-gcc 0.1.0 9.24 85.71 94.95 OK
r-devel-linux-x86_64-fedora-clang 0.1.0 160.64 NOTE
r-devel-linux-x86_64-fedora-gcc 0.1.0 147.79 OK
r-devel-windows-x86_64 0.1.0 13.00 94.00 107.00 OK
r-patched-linux-x86_64 0.1.0 12.08 110.34 122.42 OK
r-release-linux-x86_64 0.1.0 10.79 109.91 120.70 OK
r-release-macos-arm64 0.1.0 49.00 OK
r-release-macos-x86_64 0.1.0 78.00 OK
r-release-windows-x86_64 0.1.0 16.00 121.00 137.00 OK
r-oldrel-macos-arm64 0.1.0 41.00 OK
r-oldrel-windows-x86_64 0.1.0 18.00 114.00 132.00 OK

Check Details

Version: 0.1.0
Check: whether startup messages can be suppressed
Result: NOTE OMP: Warning #96: Cannot form a team with 24 threads, using 2 instead. OMP: Hint Consider unsetting KMP_DEVICE_THREAD_LIMIT (KMP_ALL_THREADS), KMP_TEAMS_THREAD_LIMIT, and OMP_THREAD_LIMIT (if any are set). It looks like this package (or a package it requires) has a startup message which cannot be suppressed: see ?packageStartupMessage. Flavor: r-devel-linux-x86_64-fedora-clang