CRAN Package Check Results for Package trackeRapp

Last updated on 2024-02-25 08:53:16 CET.

Flavor Version Tinstall Tcheck Ttotal Status Flags
r-devel-linux-x86_64-debian-clang 1.2 17.84 138.92 156.76 OK
r-devel-linux-x86_64-debian-gcc 1.2 14.03 101.00 115.03 OK
r-devel-linux-x86_64-fedora-clang 1.2 192.15 NOTE
r-devel-linux-x86_64-fedora-gcc 1.2 183.15 NOTE
r-devel-windows-x86_64 1.2 16.00 106.00 122.00 OK
r-patched-linux-x86_64 1.2 15.80 129.27 145.07 OK
r-release-linux-x86_64 1.2 14.30 131.17 145.47 OK
r-release-macos-arm64 1.2 57.00 OK
r-release-macos-x86_64 1.2 91.00 OK
r-release-windows-x86_64 1.2 21.00 127.00 148.00 OK
r-oldrel-macos-arm64 1.2 50.00 NOTE
r-oldrel-windows-x86_64 1.2 21.00 134.00 155.00 OK

Check Details

Version: 1.2
Check: dependencies in R code
Result: NOTE Namespaces in Imports field not imported from: ‘V8’ ‘colorspace’ All declared Imports should be used. Flavors: r-devel-linux-x86_64-fedora-clang, r-devel-linux-x86_64-fedora-gcc, r-oldrel-macos-arm64