Last updated on 2024-04-27 16:57:39 CEST.
Flavor | Version | Tinstall | Tcheck | Ttotal | Status | Flags |
---|---|---|---|---|---|---|
r-devel-linux-x86_64-debian-clang | 0.1.0 | 13.28 | 280.86 | 294.14 | NOTE | |
r-devel-linux-x86_64-debian-gcc | 0.1.0 | 9.79 | 206.66 | 216.45 | NOTE | |
r-devel-linux-x86_64-fedora-clang | 0.1.0 | 356.40 | NOTE | |||
r-devel-linux-x86_64-fedora-gcc | 0.1.0 | 354.44 | NOTE | |||
r-devel-windows-x86_64 | 0.1.0 | 12.00 | 225.00 | 237.00 | NOTE | |
r-patched-linux-x86_64 | 0.1.0 | 7.89 | 271.23 | 279.12 | NOTE | |
r-release-linux-x86_64 | 0.1.0 | 7.60 | 271.87 | 279.47 | OK | |
r-release-macos-arm64 | 0.1.0 | 110.00 | NOTE | |||
r-release-windows-x86_64 | 0.1.0 | 11.00 | 225.00 | 236.00 | NOTE | |
r-oldrel-macos-arm64 | 0.1.0 | 102.00 | OK | |||
r-oldrel-macos-x86_64 | 0.1.0 | 274.00 | OK | |||
r-oldrel-windows-x86_64 | 0.1.0 | 14.00 | 267.00 | 281.00 | OK |
Version: 0.1.0
Check: Rd files
Result: NOTE
checkRd: (-1) trait_missing.Rd:17-18: Lost braces in \itemize; \value handles \item{}{} directly
checkRd: (-1) trait_missing.Rd:19-20: Lost braces in \itemize; \value handles \item{}{} directly
checkRd: (-1) trait_missing.Rd:21-22: Lost braces in \itemize; \value handles \item{}{} directly
checkRd: (-1) trait_missing.Rd:23-24: Lost braces in \itemize; \value handles \item{}{} directly
Flavors: r-devel-linux-x86_64-debian-clang, r-devel-linux-x86_64-debian-gcc, r-devel-linux-x86_64-fedora-clang, r-devel-linux-x86_64-fedora-gcc, r-devel-windows-x86_64, r-patched-linux-x86_64, r-release-macos-arm64, r-release-windows-x86_64