CRAN Package Check Results for Package trajectories

Last updated on 2024-03-03 01:00:59 CET.

Flavor Version Tinstall Tcheck Ttotal Status Flags
r-devel-linux-x86_64-debian-clang 0.2-8 10.72 178.20 188.92 NOTE
r-devel-linux-x86_64-debian-gcc 0.2-8 10.05 129.45 139.50 NOTE
r-devel-linux-x86_64-fedora-clang 0.2-8 226.93 NOTE
r-devel-linux-x86_64-fedora-gcc 0.2-8 238.20 NOTE
r-devel-windows-x86_64 0.2-8 14.00 168.00 182.00 NOTE
r-patched-linux-x86_64 0.2-8 17.87 168.70 186.57 NOTE
r-release-linux-x86_64 0.2-8 11.96 172.32 184.28 NOTE
r-release-macos-arm64 0.2-8 78.00 NOTE
r-release-macos-x86_64 0.2-8 190.00 NOTE
r-release-windows-x86_64 0.2-8 16.00 204.00 220.00 NOTE
r-oldrel-macos-arm64 0.2-8 76.00 NOTE
r-oldrel-windows-x86_64 0.2-8 15.00 208.00 223.00 NOTE

Check Details

Version: 0.2-8
Check: package dependencies
Result: NOTE Package suggested but not available for checking: ‘taxidata’ Flavors: r-devel-linux-x86_64-debian-clang, r-devel-linux-x86_64-debian-gcc, r-devel-linux-x86_64-fedora-clang, r-devel-linux-x86_64-fedora-gcc, r-devel-windows-x86_64, r-patched-linux-x86_64, r-release-linux-x86_64, r-release-macos-arm64, r-release-macos-x86_64, r-release-windows-x86_64, r-oldrel-macos-arm64, r-oldrel-windows-x86_64