Last updated on 2024-05-04 08:51:49 CEST.
Flavor | Version | Tinstall | Tcheck | Ttotal | Status | Flags |
---|---|---|---|---|---|---|
r-devel-linux-x86_64-debian-clang | 0.2-8 | 12.82 | 179.47 | 192.29 | NOTE | |
r-devel-linux-x86_64-debian-gcc | 0.2-8 | 11.67 | 131.31 | 142.98 | NOTE | |
r-devel-linux-x86_64-fedora-clang | 0.2-8 | 238.72 | NOTE | |||
r-devel-linux-x86_64-fedora-gcc | 0.2-8 | 241.61 | NOTE | |||
r-devel-windows-x86_64 | 0.2-8 | 12.00 | 170.00 | 182.00 | NOTE | |
r-patched-linux-x86_64 | 0.2-8 | 14.27 | 170.92 | 185.19 | NOTE | |
r-release-linux-x86_64 | 0.2-8 | 15.19 | 168.95 | 184.14 | NOTE | |
r-release-macos-arm64 | 0.2-8 | 71.00 | NOTE | |||
r-release-windows-x86_64 | 0.2-8 | 12.00 | 170.00 | 182.00 | NOTE | |
r-oldrel-macos-arm64 | 0.2-8 | 78.00 | NOTE | |||
r-oldrel-macos-x86_64 | 0.2-8 | 190.00 | NOTE | |||
r-oldrel-windows-x86_64 | 0.2-8 | 15.00 | 198.00 | 213.00 | NOTE |
Version: 0.2-8
Check: package dependencies
Result: NOTE
Package suggested but not available for checking: ‘taxidata’
Flavors: r-devel-linux-x86_64-debian-clang, r-devel-linux-x86_64-debian-gcc, r-devel-linux-x86_64-fedora-clang, r-devel-linux-x86_64-fedora-gcc, r-devel-windows-x86_64, r-patched-linux-x86_64, r-release-linux-x86_64, r-release-macos-arm64, r-release-windows-x86_64, r-oldrel-macos-arm64, r-oldrel-macos-x86_64, r-oldrel-windows-x86_64