CRAN Package Check Results for Package transfR

Last updated on 2024-02-26 00:51:02 CET.

Flavor Version Tinstall Tcheck Ttotal Status Flags
r-devel-linux-x86_64-debian-clang 1.0.11 9.10 119.65 128.75 NOTE
r-devel-linux-x86_64-debian-gcc 1.0.11 5.89 89.88 95.77 NOTE
r-devel-linux-x86_64-fedora-clang 1.0.11 155.97 OK
r-devel-linux-x86_64-fedora-gcc 1.0.11 180.16 OK
r-devel-windows-x86_64 1.0.11 12.00 418.00 430.00 OK
r-patched-linux-x86_64 1.0.11 7.69 116.67 124.36 OK
r-release-linux-x86_64 1.0.11 6.69 116.35 123.04 OK
r-release-macos-arm64 1.0.11 198.00 OK
r-release-macos-x86_64 1.0.11 504.00 OK
r-release-windows-x86_64 1.0.11 15.00 418.00 433.00 OK
r-oldrel-macos-arm64 1.0.11 189.00 OK
r-oldrel-windows-x86_64 1.0.11 13.00 423.00 436.00 OK

Check Details

Version: 1.0.11
Check: Rd files
Result: NOTE checkRd: (-1) Blavet.Rd:15: Lost braces in \itemize; meant \describe ? checkRd: (-1) Blavet.Rd:16: Lost braces in \itemize; meant \describe ? checkRd: (-1) Blavet.Rd:17: Lost braces in \itemize; meant \describe ? checkRd: (-1) Blavet.Rd:18: Lost braces in \itemize; meant \describe ? checkRd: (-1) Blavet.Rd:19: Lost braces in \itemize; meant \describe ? checkRd: (-1) Blavet.Rd:20: Lost braces in \itemize; meant \describe ? checkRd: (-1) Blavet.Rd:28: Lost braces in \itemize; meant \describe ? checkRd: (-1) Blavet.Rd:29: Lost braces in \itemize; meant \describe ? checkRd: (-1) Blavet.Rd:30: Lost braces in \itemize; meant \describe ? checkRd: (-1) Oudon.Rd:15: Lost braces in \itemize; meant \describe ? checkRd: (-1) Oudon.Rd:16: Lost braces in \itemize; meant \describe ? checkRd: (-1) Oudon.Rd:17: Lost braces in \itemize; meant \describe ? checkRd: (-1) Oudon.Rd:18: Lost braces in \itemize; meant \describe ? checkRd: (-1) Oudon.Rd:19: Lost braces in \itemize; meant \describe ? checkRd: (-1) Oudon.Rd:20: Lost braces in \itemize; meant \describe ? checkRd: (-1) Oudon.Rd:28: Lost braces in \itemize; meant \describe ? checkRd: (-1) Oudon.Rd:29: Lost braces in \itemize; meant \describe ? Flavors: r-devel-linux-x86_64-debian-clang, r-devel-linux-x86_64-debian-gcc