CRAN Package Check Results for Package tree.interpreter

Last updated on 2024-02-26 08:49:00 CET.

Flavor Version Tinstall Tcheck Ttotal Status Flags
r-devel-linux-x86_64-debian-clang 0.1.1 40.35 55.77 96.12 NOTE
r-devel-linux-x86_64-debian-gcc 0.1.1 33.84 43.44 77.28 NOTE
r-devel-linux-x86_64-fedora-clang 0.1.1 144.13 NOTE
r-devel-linux-x86_64-fedora-gcc 0.1.1 150.64 NOTE
r-devel-windows-x86_64 0.1.1 33.00 83.00 116.00 NOTE
r-patched-linux-x86_64 0.1.1 43.61 54.93 98.54 NOTE
r-release-linux-x86_64 0.1.1 47.43 54.68 102.11 NOTE
r-release-macos-arm64 0.1.1 48.00 NOTE
r-release-macos-x86_64 0.1.1 77.00 NOTE
r-release-windows-x86_64 0.1.1 44.00 91.00 135.00 NOTE
r-oldrel-macos-arm64 0.1.1 39.00 OK
r-oldrel-windows-x86_64 0.1.1 44.00 92.00 136.00 OK

Check Details

Version: 0.1.1
Check: C++ specification
Result: NOTE Specified C++11: please drop specification unless essential Flavors: r-devel-linux-x86_64-debian-clang, r-devel-linux-x86_64-debian-gcc, r-devel-linux-x86_64-fedora-clang, r-devel-linux-x86_64-fedora-gcc, r-devel-windows-x86_64, r-patched-linux-x86_64, r-release-linux-x86_64, r-release-macos-arm64, r-release-macos-x86_64, r-release-windows-x86_64