Last updated on 2024-05-13 00:51:49 CEST.
Flavor | Version | Tinstall | Tcheck | Ttotal | Status | Flags |
---|---|---|---|---|---|---|
r-devel-linux-x86_64-debian-clang | 1.0.2 | 5.68 | 132.86 | 138.54 | OK | |
r-devel-linux-x86_64-debian-gcc | 1.0.2 | 4.32 | 101.31 | 105.63 | OK | |
r-devel-linux-x86_64-fedora-clang | 1.0.2 | 170.70 | OK | |||
r-devel-linux-x86_64-fedora-gcc | 1.0.2 | 178.31 | OK | |||
r-devel-windows-x86_64 | 1.0.2 | 6.00 | 114.00 | 120.00 | OK | |
r-patched-linux-x86_64 | 1.0.2 | 3.96 | 129.93 | 133.89 | OK | |
r-release-linux-x86_64 | 1.0.2 | 3.72 | 128.47 | 132.19 | OK | |
r-release-macos-arm64 | 1.0.2 | 71.00 | OK | |||
r-release-windows-x86_64 | 1.0.2 | 6.00 | 116.00 | 122.00 | OK | |
r-oldrel-macos-arm64 | 1.0.2 | 193.00 | OK | |||
r-oldrel-macos-x86_64 | 1.0.2 | 115.00 | NOTE | |||
r-oldrel-windows-x86_64 | 1.0.2 | 8.00 | 139.00 | 147.00 | OK |
Version: 1.0.2
Check: package dependencies
Result: NOTE
Package suggested but not available for checking: ‘Seurat’
Flavor: r-oldrel-macos-x86_64