CRAN Package Check Results for Package tubern

Last updated on 2024-02-27 16:49:31 CET.

Flavor Version Tinstall Tcheck Ttotal Status Flags
r-devel-linux-x86_64-debian-clang 0.1.0 2.43 32.22 34.65 NOTE
r-devel-linux-x86_64-debian-gcc 0.1.0 1.91 24.65 26.56 NOTE
r-devel-linux-x86_64-fedora-clang 0.1.0 42.72 NOTE
r-devel-linux-x86_64-fedora-gcc 0.1.0 52.84 NOTE
r-devel-windows-x86_64 0.1.0 3.00 56.00 59.00 NOTE
r-patched-linux-x86_64 0.1.0 6.22 30.63 36.85 NOTE
r-release-linux-x86_64 0.1.0 2.45 30.62 33.07 NOTE
r-release-macos-arm64 0.1.0 27.00 NOTE
r-release-macos-x86_64 0.1.0 51.00 NOTE
r-release-windows-x86_64 0.1.0 4.00 95.00 99.00 NOTE
r-oldrel-macos-arm64 0.1.0 20.00 NOTE
r-oldrel-windows-x86_64 0.1.0 4.00 58.00 62.00 NOTE

Check Details

Version: 0.1.0
Check: LazyData
Result: NOTE 'LazyData' is specified without a 'data' directory Flavors: r-devel-linux-x86_64-debian-clang, r-devel-linux-x86_64-debian-gcc, r-devel-linux-x86_64-fedora-clang, r-devel-linux-x86_64-fedora-gcc, r-devel-windows-x86_64, r-patched-linux-x86_64, r-release-linux-x86_64, r-release-macos-arm64, r-release-macos-x86_64, r-release-windows-x86_64, r-oldrel-macos-arm64, r-oldrel-windows-x86_64