CRAN Package Check Results for Package tvR

Last updated on 2024-02-27 16:49:31 CET.

Flavor Version Tinstall Tcheck Ttotal Status Flags
r-devel-linux-x86_64-debian-clang 0.3.2 73.93 89.00 162.93 NOTE
r-devel-linux-x86_64-debian-gcc 0.3.2 49.03 67.58 116.61 NOTE
r-devel-linux-x86_64-fedora-clang 0.3.2 213.33 NOTE
r-devel-linux-x86_64-fedora-gcc 0.3.2 217.96 NOTE
r-devel-windows-x86_64 0.3.2 51.00 119.00 170.00 NOTE
r-patched-linux-x86_64 0.3.2 62.13 87.84 149.97 NOTE
r-release-linux-x86_64 0.3.2 64.42 87.48 151.90 NOTE
r-release-macos-arm64 0.3.2 62.00 NOTE
r-release-macos-x86_64 0.3.2 102.00 NOTE
r-release-windows-x86_64 0.3.2 66.00 182.00 248.00 NOTE
r-oldrel-macos-arm64 0.3.2 59.00 OK
r-oldrel-windows-x86_64 0.3.2 66.00 134.00 200.00 OK

Check Details

Version: 0.3.2
Check: C++ specification
Result: NOTE Specified C++11: please drop specification unless essential Flavors: r-devel-linux-x86_64-debian-clang, r-devel-linux-x86_64-debian-gcc, r-devel-linux-x86_64-fedora-clang, r-devel-linux-x86_64-fedora-gcc, r-devel-windows-x86_64, r-patched-linux-x86_64, r-release-linux-x86_64, r-release-macos-arm64, r-release-macos-x86_64, r-release-windows-x86_64