Last updated on 2023-12-04 00:53:00 CET.
Flavor | Version | Tinstall | Tcheck | Ttotal | Status | Flags |
---|---|---|---|---|---|---|
r-devel-linux-x86_64-debian-clang | 2.5 | 22.97 | 158.61 | 181.58 | NOTE | --no-vignettes |
r-devel-linux-x86_64-debian-gcc | 2.5 | 17.86 | 116.54 | 134.40 | NOTE | --no-vignettes |
r-devel-linux-x86_64-fedora-clang | 2.5 | 336.43 | NOTE | |||
r-devel-linux-x86_64-fedora-gcc | 2.5 | 336.02 | NOTE | |||
r-devel-windows-x86_64 | 2.5 | 22.00 | 122.00 | 144.00 | NOTE | --no-vignettes |
r-patched-linux-x86_64 | 2.5 | 28.79 | 150.11 | 178.90 | NOTE | --no-vignettes |
r-release-linux-x86_64 | 2.5 | 18.07 | 149.03 | 167.10 | NOTE | --no-vignettes |
r-release-macos-arm64 | 2.5 | 138.00 | NOTE | |||
r-release-macos-x86_64 | 2.5 | 227.00 | NOTE | |||
r-release-windows-x86_64 | 2.5 | 28.00 | 121.00 | 149.00 | NOTE | --no-vignettes |
r-oldrel-macos-arm64 | 2.5 | 115.00 | OK | |||
r-oldrel-macos-x86_64 | 2.5 | 201.00 | OK | |||
r-oldrel-windows-x86_64 | 2.5 | 28.00 | 125.00 | 153.00 | OK | --no-vignettes |
Version: 2.5
Flags: --no-vignettes
Check: Rd files
Result: NOTE
checkRd: (-1) iptw.Rd:88: Lost braces in \itemize; meant \describe ?
checkRd: (-1) iptw.Rd:89: Lost braces in \itemize; meant \describe ?
checkRd: (-1) iptw.Rd:90: Lost braces in \itemize; meant \describe ?
checkRd: (-1) iptw.Rd:119: Lost braces in \itemize; \value handles \item{}{} directly
checkRd: (-1) iptw.Rd:120: Lost braces in \itemize; \value handles \item{}{} directly
checkRd: (-1) iptw.Rd:121: Lost braces in \itemize; \value handles \item{}{} directly
checkRd: (-1) iptw.Rd:122: Lost braces in \itemize; \value handles \item{}{} directly
checkRd: (-1) iptw.Rd:123: Lost braces in \itemize; \value handles \item{}{} directly
checkRd: (-1) lindner.Rd:44: Escaped LaTeX specials: \_
checkRd: (-1) mnps.Rd:81: Lost braces in \itemize; meant \describe ?
checkRd: (-1) mnps.Rd:82: Lost braces in \itemize; meant \describe ?
checkRd: (-1) mnps.Rd:83: Lost braces in \itemize; meant \describe ?
checkRd: (-1) mnps.Rd:117: Lost braces in \itemize; \value handles \item{}{} directly
checkRd: (-1) mnps.Rd:118: Lost braces in \itemize; \value handles \item{}{} directly
checkRd: (-1) mnps.Rd:119: Lost braces in \itemize; \value handles \item{}{} directly
checkRd: (-1) mnps.Rd:120: Lost braces in \itemize; \value handles \item{}{} directly
checkRd: (-1) mnps.Rd:121: Lost braces in \itemize; \value handles \item{}{} directly
checkRd: (-1) mnps.Rd:122: Lost braces in \itemize; \value handles \item{}{} directly
checkRd: (-1) mnps.Rd:123: Lost braces in \itemize; \value handles \item{}{} directly
checkRd: (-1) mnps.Rd:124: Lost braces in \itemize; \value handles \item{}{} directly
checkRd: (-1) mnps.Rd:125: Lost braces in \itemize; \value handles \item{}{} directly
checkRd: (-1) mnps.Rd:126: Lost braces in \itemize; \value handles \item{}{} directly
checkRd: (-1) ps.Rd:83: Lost braces in \itemize; meant \describe ?
checkRd: (-1) ps.Rd:84: Lost braces in \itemize; meant \describe ?
checkRd: (-1) ps.Rd:85: Lost braces in \itemize; meant \describe ?
checkRd: (-1) ps.Rd:117: Lost braces in \itemize; \value handles \item{}{} directly
checkRd: (-1) ps.Rd:118: Lost braces in \itemize; \value handles \item{}{} directly
checkRd: (-1) ps.Rd:119: Lost braces in \itemize; \value handles \item{}{} directly
checkRd: (-1) ps.Rd:120-146: Lost braces in \itemize; \value handles \item{}{} directly
checkRd: (-1) ps.Rd:125: Lost braces in \itemize; \value handles \item{}{} directly
checkRd: (-1) ps.Rd:126: Lost braces in \itemize; \value handles \item{}{} directly
checkRd: (-1) ps.Rd:127: Lost braces in \itemize; \value handles \item{}{} directly
checkRd: (-1) ps.Rd:128: Lost braces in \itemize; \value handles \item{}{} directly
checkRd: (-1) ps.Rd:129: Lost braces in \itemize; \value handles \item{}{} directly
checkRd: (-1) ps.Rd:130: Lost braces in \itemize; \value handles \item{}{} directly
checkRd: (-1) ps.Rd:131: Lost braces in \itemize; \value handles \item{}{} directly
checkRd: (-1) ps.Rd:132-136: Lost braces in \itemize; \value handles \item{}{} directly
checkRd: (-1) ps.Rd:137-139: Lost braces in \itemize; \value handles \item{}{} directly
checkRd: (-1) ps.Rd:140-141: Lost braces in \itemize; \value handles \item{}{} directly
checkRd: (-1) ps.Rd:142-143: Lost braces in \itemize; \value handles \item{}{} directly
checkRd: (-1) ps.Rd:145: Lost braces in \itemize; \value handles \item{}{} directly
checkRd: (-1) ps.Rd:147: Lost braces in \itemize; \value handles \item{}{} directly
checkRd: (-1) ps.Rd:148: Lost braces in \itemize; \value handles \item{}{} directly
checkRd: (-1) ps.Rd:149: Lost braces in \itemize; \value handles \item{}{} directly
checkRd: (-1) ps.Rd:150: Lost braces in \itemize; \value handles \item{}{} directly
checkRd: (-1) ps.Rd:151-152: Lost braces in \itemize; \value handles \item{}{} directly
checkRd: (-1) ps.Rd:153-154: Lost braces in \itemize; \value handles \item{}{} directly
checkRd: (-1) ps.Rd:155-156: Lost braces in \itemize; \value handles \item{}{} directly
checkRd: (-1) ps.Rd:157-158: Lost braces in \itemize; \value handles \item{}{} directly
checkRd: (-1) ps.Rd:159-160: Lost braces in \itemize; \value handles \item{}{} directly
checkRd: (-1) ps.Rd:161: Lost braces in \itemize; \value handles \item{}{} directly
checkRd: (-1) ps.Rd:162: Lost braces in \itemize; \value handles \item{}{} directly
Flavors: r-devel-linux-x86_64-debian-clang, r-devel-linux-x86_64-debian-gcc
Version: 2.5
Check: Rd files
Result: NOTE
checkRd: (-1) lindner.Rd:44: Escaped LaTeX specials: \_
Flavors: r-devel-linux-x86_64-fedora-clang, r-devel-linux-x86_64-fedora-gcc, r-release-macos-arm64, r-release-macos-x86_64
Version: 2.5
Flags: --no-vignettes
Check: Rd files
Result: NOTE
checkRd: (-1) lindner.Rd:44: Escaped LaTeX specials: \_
Flavors: r-devel-windows-x86_64, r-patched-linux-x86_64, r-release-linux-x86_64, r-release-windows-x86_64