Last updated on 2024-05-08 00:50:02 CEST.
Flavor | Version | Tinstall | Tcheck | Ttotal | Status | Flags |
---|---|---|---|---|---|---|
r-devel-linux-x86_64-debian-clang | 1.0.0 | 7.87 | 91.28 | 99.15 | OK | |
r-devel-linux-x86_64-debian-gcc | 1.0.0 | 7.08 | 68.45 | 75.53 | OK | |
r-devel-linux-x86_64-fedora-clang | 1.0.0 | 128.76 | NOTE | |||
r-devel-linux-x86_64-fedora-gcc | 1.0.0 | 188.75 | NOTE | |||
r-devel-windows-x86_64 | 1.0.0 | 9.00 | 82.00 | 91.00 | OK | |
r-patched-linux-x86_64 | 1.0.0 | 9.04 | 88.36 | 97.40 | OK | |
r-release-linux-x86_64 | 1.0.0 | 7.57 | 87.71 | 95.28 | OK | |
r-release-macos-arm64 | 1.0.0 | 43.00 | OK | |||
r-release-windows-x86_64 | 1.0.0 | 8.00 | 81.00 | 89.00 | OK | |
r-oldrel-macos-arm64 | 1.0.0 | 50.00 | OK | |||
r-oldrel-macos-x86_64 | 1.0.0 | 74.00 | OK | |||
r-oldrel-windows-x86_64 | 1.0.0 | 10.00 | 98.00 | 108.00 | OK |
Version: 1.0.0
Check: dependencies in R code
Result: NOTE
Namespace in Imports field not imported from: ‘Rcpp’
All declared Imports should be used.
Flavors: r-devel-linux-x86_64-fedora-clang, r-devel-linux-x86_64-fedora-gcc