CRAN Package Check Results for Package ubms

Last updated on 2024-02-28 00:56:36 CET.

Flavor Version Tinstall Tcheck Ttotal Status Flags
r-devel-linux-x86_64-debian-clang 1.2.6 697.14 310.29 1007.43 NOTE
r-devel-linux-x86_64-debian-gcc 1.2.6 607.02 260.48 867.50 NOTE
r-devel-linux-x86_64-fedora-clang 1.2.6 1198.87 NOTE
r-devel-linux-x86_64-fedora-gcc 1.2.6 1568.61 NOTE
r-devel-windows-x86_64 1.2.6 423.00 295.00 718.00 NOTE
r-patched-linux-x86_64 1.2.6 654.39 347.69 1002.08 NOTE
r-release-linux-x86_64 1.2.6 656.51 342.66 999.17 NOTE
r-release-macos-arm64 1.2.6 535.00 NOTE
r-release-macos-x86_64 1.2.6 546.00 NOTE
r-release-windows-x86_64 1.2.6 484.00 372.00 856.00 NOTE
r-oldrel-macos-arm64 1.2.6 424.00 NOTE
r-oldrel-windows-x86_64 1.2.6 521.00 351.00 872.00 NOTE

Check Details

Version: 1.2.6
Check: for GNU extensions in Makefiles
Result: NOTE GNU make is a SystemRequirements. Flavors: r-devel-linux-x86_64-debian-clang, r-devel-linux-x86_64-debian-gcc, r-devel-linux-x86_64-fedora-clang, r-devel-linux-x86_64-fedora-gcc, r-devel-windows-x86_64, r-patched-linux-x86_64, r-release-linux-x86_64, r-release-macos-arm64, r-release-macos-x86_64, r-release-windows-x86_64, r-oldrel-macos-arm64, r-oldrel-windows-x86_64

Version: 1.2.6
Check: installed package size
Result: NOTE installed size is 8.4Mb sub-directories of 1Mb or more: R 1.4Mb doc 1.0Mb libs 5.7Mb Flavors: r-devel-linux-x86_64-fedora-clang, r-devel-windows-x86_64, r-release-macos-arm64, r-release-macos-x86_64, r-release-windows-x86_64, r-oldrel-macos-arm64, r-oldrel-windows-x86_64