CRAN Package Check Results for Package ukpolice

Last updated on 2024-03-01 08:53:15 CET.

Flavor Version Tinstall Tcheck Ttotal Status Flags
r-devel-linux-x86_64-debian-clang 0.2.2 4.77 47.48 52.25 NOTE
r-devel-linux-x86_64-debian-gcc 0.2.2 3.61 36.13 39.74 NOTE
r-devel-linux-x86_64-fedora-clang 0.2.2 64.03 NOTE
r-devel-linux-x86_64-fedora-gcc 0.2.2 72.57 NOTE
r-devel-windows-x86_64 0.2.2 6.00 59.00 65.00 NOTE
r-patched-linux-x86_64 0.2.2 4.47 45.01 49.48 NOTE
r-release-linux-x86_64 0.2.2 4.37 44.22 48.59 NOTE
r-release-macos-arm64 0.2.2 31.00 NOTE
r-release-macos-x86_64 0.2.2 43.00 NOTE
r-release-windows-x86_64 0.2.2 6.00 65.00 71.00 NOTE
r-oldrel-macos-arm64 0.2.2 21.00 NOTE
r-oldrel-windows-x86_64 0.2.2 7.00 64.00 71.00 NOTE

Check Details

Version: 0.2.2
Check: LazyData
Result: NOTE 'LazyData' is specified without a 'data' directory Flavors: r-devel-linux-x86_64-debian-clang, r-devel-linux-x86_64-debian-gcc, r-devel-linux-x86_64-fedora-clang, r-devel-linux-x86_64-fedora-gcc, r-devel-windows-x86_64, r-patched-linux-x86_64, r-release-linux-x86_64, r-release-macos-arm64, r-release-macos-x86_64, r-release-windows-x86_64, r-oldrel-macos-arm64, r-oldrel-windows-x86_64