CRAN Package Check Results for Package understandBPMN

Last updated on 2024-02-24 16:48:37 CET.

Flavor Version Tinstall Tcheck Ttotal Status Flags
r-devel-linux-x86_64-debian-clang 1.1.1 43.37 116.23 159.60 NOTE
r-devel-linux-x86_64-debian-gcc 1.1.1 37.56 110.89 148.45 NOTE
r-devel-linux-x86_64-fedora-clang 1.1.1 219.35 NOTE
r-devel-linux-x86_64-fedora-gcc 1.1.1 210.40 NOTE
r-devel-windows-x86_64 1.1.1 40.00 121.00 161.00 NOTE
r-patched-linux-x86_64 1.1.1 34.86 110.66 145.52 NOTE
r-release-linux-x86_64 1.1.1 34.05 111.00 145.05 NOTE
r-release-macos-arm64 1.1.1 57.00 NOTE
r-release-macos-x86_64 1.1.1 103.00 NOTE
r-release-windows-x86_64 1.1.1 52.00 149.00 201.00 NOTE
r-oldrel-macos-arm64 1.1.1 50.00 NOTE
r-oldrel-windows-x86_64 1.1.1 49.00 140.00 189.00 NOTE

Check Details

Version: 1.1.1
Check: package subdirectories
Result: NOTE Problems with news in ‘NEWS.md’: No news entries found. Flavors: r-devel-linux-x86_64-debian-clang, r-devel-linux-x86_64-debian-gcc, r-devel-linux-x86_64-fedora-clang, r-devel-linux-x86_64-fedora-gcc, r-devel-windows-x86_64, r-patched-linux-x86_64, r-release-linux-x86_64, r-release-macos-arm64, r-release-macos-x86_64, r-release-windows-x86_64

Version: 1.1.1
Check: LazyData
Result: NOTE 'LazyData' is specified without a 'data' directory Flavors: r-devel-linux-x86_64-debian-clang, r-devel-linux-x86_64-debian-gcc, r-devel-linux-x86_64-fedora-clang, r-devel-linux-x86_64-fedora-gcc, r-devel-windows-x86_64, r-patched-linux-x86_64, r-release-linux-x86_64, r-release-macos-arm64, r-release-macos-x86_64, r-release-windows-x86_64, r-oldrel-macos-arm64, r-oldrel-windows-x86_64