CRAN Package Check Results for Package ungroup

Last updated on 2024-02-28 08:54:46 CET.

Flavor Version Tinstall Tcheck Ttotal Status Flags
r-devel-linux-x86_64-debian-clang 1.4.4 54.75 120.24 174.99 OK
r-devel-linux-x86_64-debian-gcc 1.4.4 46.75 98.44 145.19 OK
r-devel-linux-x86_64-fedora-clang 1.4.4 217.05 OK
r-devel-linux-x86_64-fedora-gcc 1.4.4 244.21 OK
r-devel-windows-x86_64 1.4.4 40.00 150.00 190.00 OK
r-patched-linux-x86_64 1.4.4 56.44 126.77 183.21 OK
r-release-linux-x86_64 1.4.4 54.93 125.21 180.14 OK
r-release-macos-arm64 1.4.4 80.00 NOTE
r-release-macos-x86_64 1.4.4 200.00 NOTE
r-release-windows-x86_64 1.4.4 51.00 184.00 235.00 OK
r-oldrel-macos-arm64 1.4.4 75.00 NOTE
r-oldrel-windows-x86_64 1.4.4 52.00 167.00 219.00 OK

Check Details

Version: 1.4.4
Check: installed package size
Result: NOTE installed size is 14.0Mb sub-directories of 1Mb or more: libs 13.4Mb Flavors: r-release-macos-arm64, r-release-macos-x86_64, r-oldrel-macos-arm64