CRAN Package Check Results for Package unine

Last updated on 2024-02-26 08:49:01 CET.

Flavor Version Tinstall Tcheck Ttotal Status Flags
r-devel-linux-x86_64-debian-clang 0.2.0 73.35 30.65 104.00 NOTE
r-devel-linux-x86_64-debian-gcc 0.2.0 50.13 24.07 74.20 NOTE
r-devel-linux-x86_64-fedora-clang 0.2.0 162.99 NOTE
r-devel-linux-x86_64-fedora-gcc 0.2.0 135.76 NOTE
r-devel-windows-x86_64 0.2.0 49.00 64.00 113.00 NOTE
r-patched-linux-x86_64 0.2.0 59.21 30.26 89.47 NOTE
r-release-linux-x86_64 0.2.0 65.40 30.13 95.53 NOTE
r-release-macos-arm64 0.2.0 39.00 NOTE
r-release-macos-x86_64 0.2.0 61.00 NOTE
r-release-windows-x86_64 0.2.0 47.00 73.00 120.00 NOTE
r-oldrel-macos-arm64 0.2.0 35.00 OK
r-oldrel-windows-x86_64 0.2.0 70.00 72.00 142.00 OK

Check Details

Version: 0.2.0
Check: C++ specification
Result: NOTE Specified C++11: please drop specification unless essential Flavors: r-devel-linux-x86_64-debian-clang, r-devel-linux-x86_64-debian-gcc, r-devel-linux-x86_64-fedora-clang, r-devel-linux-x86_64-fedora-gcc, r-devel-windows-x86_64, r-patched-linux-x86_64, r-release-linux-x86_64, r-release-macos-arm64, r-release-macos-x86_64, r-release-windows-x86_64

Version: 0.2.0
Check: data for non-ASCII characters
Result: NOTE Note: found 548 marked UTF-8 strings Flavors: r-devel-linux-x86_64-fedora-clang, r-devel-linux-x86_64-fedora-gcc