CRAN Package Check Results for Package unisensR

Last updated on 2024-03-03 01:01:00 CET.

Flavor Version Tinstall Tcheck Ttotal Status Flags
r-devel-linux-x86_64-debian-clang 0.3.3 2.27 35.64 37.91 NOTE
r-devel-linux-x86_64-debian-gcc 0.3.3 1.74 27.68 29.42 NOTE
r-devel-linux-x86_64-fedora-clang 0.3.3 46.34 NOTE
r-devel-linux-x86_64-fedora-gcc 0.3.3 46.02 NOTE
r-devel-windows-x86_64 0.3.3 4.00 53.00 57.00 NOTE
r-patched-linux-x86_64 0.3.3 2.68 34.46 37.14 NOTE
r-release-linux-x86_64 0.3.3 2.36 35.46 37.82 NOTE
r-release-macos-arm64 0.3.3 22.00 NOTE
r-release-macos-x86_64 0.3.3 31.00 NOTE
r-release-windows-x86_64 0.3.3 5.00 54.00 59.00 NOTE
r-oldrel-macos-arm64 0.3.3 20.00 NOTE
r-oldrel-windows-x86_64 0.3.3 4.00 55.00 59.00 NOTE

Check Details

Version: 0.3.3
Check: LazyData
Result: NOTE 'LazyData' is specified without a 'data' directory Flavors: r-devel-linux-x86_64-debian-clang, r-devel-linux-x86_64-debian-gcc, r-devel-linux-x86_64-fedora-clang, r-devel-linux-x86_64-fedora-gcc, r-devel-windows-x86_64, r-patched-linux-x86_64, r-release-linux-x86_64, r-release-macos-arm64, r-release-macos-x86_64, r-release-windows-x86_64, r-oldrel-macos-arm64, r-oldrel-windows-x86_64